{"id":84,"date":"2020-03-16T09:36:21","date_gmt":"2020-03-16T12:36:21","guid":{"rendered":"http:\/\/docenciavirtual.ufro.cl\/?page_id=84"},"modified":"2020-03-23T16:45:44","modified_gmt":"2020-03-23T19:45:44","slug":"3-realiza-tus-clases-a-traves-de-videoconferencia-con-google-meet","status":"publish","type":"page","link":"https:\/\/docenciavirtual.ufro.cl\/index.php\/3-realiza-tus-clases-a-traves-de-videoconferencia-con-google-meet\/","title":{"rendered":"3. Realiza tus clases a trav\u00e9s de videoconferencias"},"content":{"rendered":"<h4><img decoding=\"async\" loading=\"lazy\" class=\"alignnone wp-image-218 size-large\" src=\"http:\/\/docenciavirtual.ufro.cl\/wp-content\/uploads\/2020\/03\/3-Clase_videoconferencia-1024x564.jpg\" alt=\"\" width=\"1024\" height=\"564\" srcset=\"https:\/\/docenciavirtual.ufro.cl\/wp-content\/uploads\/2020\/03\/3-Clase_videoconferencia-1024x564.jpg 1024w, https:\/\/docenciavirtual.ufro.cl\/wp-content\/uploads\/2020\/03\/3-Clase_videoconferencia-300x165.jpg 300w, https:\/\/docenciavirtual.ufro.cl\/wp-content\/uploads\/2020\/03\/3-Clase_videoconferencia-768x423.jpg 768w, https:\/\/docenciavirtual.ufro.cl\/wp-content\/uploads\/2020\/03\/3-Clase_videoconferencia-1536x846.jpg 1536w, https:\/\/docenciavirtual.ufro.cl\/wp-content\/uploads\/2020\/03\/3-Clase_videoconferencia-2048x1128.jpg 2048w, https:\/\/docenciavirtual.ufro.cl\/wp-content\/uploads\/2020\/03\/3-Clase_videoconferencia-24x13.jpg 24w, https:\/\/docenciavirtual.ufro.cl\/wp-content\/uploads\/2020\/03\/3-Clase_videoconferencia-36x20.jpg 36w, https:\/\/docenciavirtual.ufro.cl\/wp-content\/uploads\/2020\/03\/3-Clase_videoconferencia-48x26.jpg 48w\" sizes=\"(max-width: 1024px) 100vw, 1024px\" \/><\/h4>\n<h4><b>Recomendaciones previas<\/b><\/h4>\n<ol>\n<li style=\"list-style-type: none;\">\n<ol>\n<li>Elige adecuadamente el entorno.<\/li>\n<li>Haz una prueba de conexi\u00f3n antes de tu primera sesi\u00f3n de videoconferencia, puede ser con alg\u00fan colega o estudiantes colaboradores.<\/li>\n<\/ol>\n<\/li>\n<\/ol>\n<h4>Veamos c\u00f3mo realizar tu primera clase remota con estudiantes, por ejemplo utilizando Google Meet (aplicaci\u00f3n que tienes disponible al tener tu correo institucional @ufrontera.cl)<\/h4>\n<ol>\n<li style=\"list-style-type: none;\">\n<ol>\n<li>Entra en <a href=\"https:\/\/meet.google.com\/\">Meet<\/a><\/li>\n<li>Crea una nueva reuni\u00f3n.<\/li>\n<li>Copia la URL para compartir.<\/li>\n<li>Comp\u00e1rtela con tus estudiantes en Campus Virtual (puedes a\u00f1adir un enlace o enviar un mensaje a trav\u00e9s del foro Avisos). Explica que esta primera sesi\u00f3n tendr\u00e1 como fin probar que todo funciona correctamente y que es una prueba para organizarse en este tipo de sesiones.<\/li>\n<li>Con\u00e9ctate al menos 10 minutos antes para verificar que todo est\u00e1 en orden.<\/li>\n<li>Recuerda a los estudiantes silenciar sus micr\u00f3fonos, y activarlos solo cuando vayan a hablar (pueden silenciarlos antes de entrar). Tambi\u00e9n deber\u00e1s dar indicaciones de c\u00f3mo gestionar las preguntas (si las hacen de forma oral, o por el chat, o todas en el momento que t\u00fa indiques, etc.)<\/li>\n<li>Confirma con tus estudiantes que todos te ven y te oyen.<\/li>\n<li>Comparte pantalla\/archivos si lo necesitas. RECORDATORIO: Al compartir la pantalla los estudiantes ver\u00e1n lo mismo que t\u00fa (lamentablemente Google Meet no dispone de vista de presentaci\u00f3n).<\/li>\n<\/ol>\n<\/li>\n<\/ol>\n<blockquote><p>\u00bfQuieres saber m\u00e1s sobre Google Meet? Puedes consultar aqu\u00ed el <a href=\"https:\/\/docs.google.com\/document\/d\/120XPNz_xtuz90__PDUKgyHe5uyl6G8_jpvnE7Z6XHzM\/edit?ts=5e67c72e\" target=\"_blank\" rel=\"noopener noreferrer\">manual completo.<\/a><\/p>\n<p>Elige adecuadamente un entorno, silencioso e iluminado.<\/p>\n<p>Comprueba tu estado de conexi\u00f3n, si est\u00e1s en tu hogar con un ancho de banda limitado aseg\u00farate de que otras personas de tu casa no est\u00e9n haciendo un uso importante del ancho de banda (por ejemplo descargando\/viendo pel\u00edculas).<\/p>\n<p>Usa cascos con micr\u00f3fono para mejorar el sonido y evitar eco y otros ruidos.<\/p>\n<p>Si t\u00fa o tus estudiantes tienen problemas con el ancho de banda, puedes apagar la c\u00e1mara, especialmente mientras compartes pantalla.<\/p>\n<p>Tambi\u00e9n puedes grabar las sesiones y compartirlas despu\u00e9s con tus estudiantes.<\/p>\n<p><b>\u00bfSueles usar la pizarra en tus clases? <\/b>Dibuja en papel lo que necesitas explicar, haz una fotograf\u00eda y env\u00edalo a tu computador. Esa fotograf\u00eda la podr\u00e1s incrustar en una presentaci\u00f3n o compartirla directamente con los estudiantes mientras vas explicando.<\/p><\/blockquote>\n<h4><strong>Material adaptado de \u201cC\u00f3mo continuar la docencia en remoto\u201d propuesto por el eCampus- Universidad de Deusto. URL: https:\/\/www.deusto.es\/cs\/Satellite\/deusto\/es\/universidad-deusto\/covid19<\/strong><\/h4>\n","protected":false},"excerpt":{"rendered":"<p>Recomendaciones previas Elige adecuadamente el entorno. Haz una prueba de conexi\u00f3n antes de tu primera sesi\u00f3n de videoconferencia, puede ser con alg\u00fan colega o estudiantes colaboradores. Veamos c\u00f3mo realizar tu primera clase remota con estudiantes, por ejemplo utilizando Google Meet (aplicaci\u00f3n que tienes disponible al tener tu correo institucional @ufrontera.cl) Entra en Meet Crea una&hellip;<\/p>\n","protected":false},"author":2,"featured_media":0,"parent":0,"menu_order":0,"comment_status":"open","ping_status":"closed","template":"","meta":{"footnotes":""},"pwapp_after_post_content":"","pwapp_before_post_content":"","androapp_header":"","pwapp_author":{"ID":2,"name":"Docencia Virtual","slug":"admin"},"pwapp_terms":[],"pwapp_feed_image_dimension_type":"preview","pwapp_post_image":"http:\/\/docenciavirtual.ufro.cl\/wp-content\/uploads\/2020\/03\/3-Clase_videoconferencia-1024x564.jpg","share_image":"http:\/\/docenciavirtual.ufro.cl\/wp-content\/uploads\/2020\/03\/3-Clase_videoconferencia-1024x564.jpg","featured_image_showhide":"show","pwapp_excerpt":"<p>Recomendaciones previas Elige adecuadamente el entorno. Haz una prueba de conexi\u00f3n antes de tu primera sesi\u00f3n de videoconferencia, puede ser con alg\u00fan colega o estudiantes colaboradores. Veamos c\u00f3mo realizar tu primera clase remota con estudiantes, por ejemplo utilizando Google Meet (aplicaci\u00f3n que tienes disponible al tener tu correo institucional @ufrontera.cl) Entra en Meet Crea una&hellip;<\/p>\n","pwapp_title":"3. Realiza tus clases a trav\u00e9s de videoconferencias","androapp_image_list":[{"src":"http:\/\/docenciavirtual.ufro.cl\/wp-content\/uploads\/2020\/03\/3-Clase_videoconferencia-1024x564.jpg","height":200}],"pwapp_post_content":"<style type=\"text\/css\">androapp img{\r\n    max-width: 100%;\r\n    height: auto;\r\n}\r\niframe{\r\n    max-width: 100%;    \r\n}\r\nfigure {\r\n    max-width: 100%;\r\n    height: auto;\r\n}\r\nimg{\r\n    max-width: 100% !important;\r\n    height: auto;\r\n}\r\ndiv {\r\n    max-width: 100% !important;\r\n}\r\nspan {\r\n    max-width:100%;\r\n    overflow: auto;\r\n}\r\naudio {\r\n    display:block;\r\n    visibility:visible !important;\r\n}\r\nvideo{\r\n    width:100%;\r\n    height:auto;\r\n}\r\n<\/style><div class='androapp'><h4><img decoding=\"async\" loading=\"lazy\" class=\"alignnone wp-image-218 size-large\" src=\"http:\/\/docenciavirtual.ufro.cl\/wp-content\/uploads\/2020\/03\/3-Clase_videoconferencia-1024x564.jpg\" alt=\"\" width=\"1024\" height=\"564\" srcset=\"https:\/\/docenciavirtual.ufro.cl\/wp-content\/uploads\/2020\/03\/3-Clase_videoconferencia-1024x564.jpg 1024w, https:\/\/docenciavirtual.ufro.cl\/wp-content\/uploads\/2020\/03\/3-Clase_videoconferencia-300x165.jpg 300w, https:\/\/docenciavirtual.ufro.cl\/wp-content\/uploads\/2020\/03\/3-Clase_videoconferencia-768x423.jpg 768w, https:\/\/docenciavirtual.ufro.cl\/wp-content\/uploads\/2020\/03\/3-Clase_videoconferencia-1536x846.jpg 1536w, https:\/\/docenciavirtual.ufro.cl\/wp-content\/uploads\/2020\/03\/3-Clase_videoconferencia-2048x1128.jpg 2048w, https:\/\/docenciavirtual.ufro.cl\/wp-content\/uploads\/2020\/03\/3-Clase_videoconferencia-24x13.jpg 24w, https:\/\/docenciavirtual.ufro.cl\/wp-content\/uploads\/2020\/03\/3-Clase_videoconferencia-36x20.jpg 36w, https:\/\/docenciavirtual.ufro.cl\/wp-content\/uploads\/2020\/03\/3-Clase_videoconferencia-48x26.jpg 48w\" sizes=\"(max-width: 1024px) 100vw, 1024px\" \/><\/h4>\n<h4><b>Recomendaciones previas<\/b><\/h4>\n<ol>\n<li style=\"list-style-type: none;\">\n<ol>\n<li>Elige adecuadamente el entorno.<\/li>\n<li>Haz una prueba de conexi\u00f3n antes de tu primera sesi\u00f3n de videoconferencia, puede ser con alg\u00fan colega o estudiantes colaboradores.<\/li>\n<\/ol>\n<\/li>\n<\/ol>\n<h4>Veamos c\u00f3mo realizar tu primera clase remota con estudiantes, por ejemplo utilizando Google Meet (aplicaci\u00f3n que tienes disponible al tener tu correo institucional @ufrontera.cl)<\/h4>\n<ol>\n<li style=\"list-style-type: none;\">\n<ol>\n<li>Entra en <a href=\"https:\/\/meet.google.com\/\">Meet<\/a><\/li>\n<li>Crea una nueva reuni\u00f3n.<\/li>\n<li>Copia la URL para compartir.<\/li>\n<li>Comp\u00e1rtela con tus estudiantes en Campus Virtual (puedes a\u00f1adir un enlace o enviar un mensaje a trav\u00e9s del foro Avisos). Explica que esta primera sesi\u00f3n tendr\u00e1 como fin probar que todo funciona correctamente y que es una prueba para organizarse en este tipo de sesiones.<\/li>\n<li>Con\u00e9ctate al menos 10 minutos antes para verificar que todo est\u00e1 en orden.<\/li>\n<li>Recuerda a los estudiantes silenciar sus micr\u00f3fonos, y activarlos solo cuando vayan a hablar (pueden silenciarlos antes de entrar). Tambi\u00e9n deber\u00e1s dar indicaciones de c\u00f3mo gestionar las preguntas (si las hacen de forma oral, o por el chat, o todas en el momento que t\u00fa indiques, etc.)<\/li>\n<li>Confirma con tus estudiantes que todos te ven y te oyen.<\/li>\n<li>Comparte pantalla\/archivos si lo necesitas. RECORDATORIO: Al compartir la pantalla los estudiantes ver\u00e1n lo mismo que t\u00fa (lamentablemente Google Meet no dispone de vista de presentaci\u00f3n).<\/li>\n<\/ol>\n<\/li>\n<\/ol>\n<blockquote><p>\u00bfQuieres saber m\u00e1s sobre Google Meet? Puedes consultar aqu\u00ed el <a href=\"https:\/\/docs.google.com\/document\/d\/120XPNz_xtuz90__PDUKgyHe5uyl6G8_jpvnE7Z6XHzM\/edit?ts=5e67c72e\" target=\"_blank\" rel=\"noopener noreferrer\">manual completo.<\/a><\/p>\n<p>Elige adecuadamente un entorno, silencioso e iluminado.<\/p>\n<p>Comprueba tu estado de conexi\u00f3n, si est\u00e1s en tu hogar con un ancho de banda limitado aseg\u00farate de que otras personas de tu casa no est\u00e9n haciendo un uso importante del ancho de banda (por ejemplo descargando\/viendo pel\u00edculas).<\/p>\n<p>Usa cascos con micr\u00f3fono para mejorar el sonido y evitar eco y otros ruidos.<\/p>\n<p>Si t\u00fa o tus estudiantes tienen problemas con el ancho de banda, puedes apagar la c\u00e1mara, especialmente mientras compartes pantalla.<\/p>\n<p>Tambi\u00e9n puedes grabar las sesiones y compartirlas despu\u00e9s con tus estudiantes.<\/p>\n<p><b>\u00bfSueles usar la pizarra en tus clases? <\/b>Dibuja en papel lo que necesitas explicar, haz una fotograf\u00eda y env\u00edalo a tu computador. Esa fotograf\u00eda la podr\u00e1s incrustar en una presentaci\u00f3n o compartirla directamente con los estudiantes mientras vas explicando.<\/p><\/blockquote>\n<h4><strong>Material adaptado de \u201cC\u00f3mo continuar la docencia en remoto\u201d propuesto por el eCampus- Universidad de Deusto. URL: https:\/\/www.deusto.es\/cs\/Satellite\/deusto\/es\/universidad-deusto\/covid19<\/strong><\/h4>\n<\/div>","pwapp_post_content_type":"postprocessed2","pwapp_preview_type":"excerpt","androapp_failover_post_content_type":"","share_text":"3. Realiza tus clases a trav\u00e9s de videoconferencias\nvia https:\/\/docenciavirtual.ufro.cl\/index.php\/3-realiza-tus-clases-a-traves-de-videoconferencia-con-google-meet\/","androapp_comments_count":0,"supercache":"androappsupercache","_links":{"self":[{"href":"https:\/\/docenciavirtual.ufro.cl\/index.php\/wp-json\/wp\/v2\/pages\/84"}],"collection":[{"href":"https:\/\/docenciavirtual.ufro.cl\/index.php\/wp-json\/wp\/v2\/pages"}],"about":[{"href":"https:\/\/docenciavirtual.ufro.cl\/index.php\/wp-json\/wp\/v2\/types\/page"}],"author":[{"embeddable":true,"href":"https:\/\/docenciavirtual.ufro.cl\/index.php\/wp-json\/wp\/v2\/users\/2"}],"replies":[{"embeddable":true,"href":"https:\/\/docenciavirtual.ufro.cl\/index.php\/wp-json\/wp\/v2\/comments?post=84"}],"version-history":[{"count":8,"href":"https:\/\/docenciavirtual.ufro.cl\/index.php\/wp-json\/wp\/v2\/pages\/84\/revisions"}],"predecessor-version":[{"id":324,"href":"https:\/\/docenciavirtual.ufro.cl\/index.php\/wp-json\/wp\/v2\/pages\/84\/revisions\/324"}],"wp:attachment":[{"href":"https:\/\/docenciavirtual.ufro.cl\/index.php\/wp-json\/wp\/v2\/media?parent=84"}],"curies":[{"name":"wp","href":"https:\/\/api.w.org\/{rel}","templated":true}]}}