{"id":71,"date":"2020-03-16T09:15:20","date_gmt":"2020-03-16T12:15:20","guid":{"rendered":"http:\/\/docenciavirtual.ufro.cl\/?page_id=71"},"modified":"2020-03-20T13:00:52","modified_gmt":"2020-03-20T16:00:52","slug":"como-realizar-docencia-virtual","status":"publish","type":"page","link":"https:\/\/docenciavirtual.ufro.cl\/index.php\/como-realizar-docencia-virtual\/","title":{"rendered":"C\u00f3mo realizar Docencia Virtual"},"content":{"rendered":"\r\n<p>Ante la necesidad de trasladar temporalmente las clases presenciales a un escenario no presencial virtual, se recomienda algunas acciones para hacerlo del modo m\u00e1s sencillo y eficaz para todos y todas.<\/p>\r\n<p><a href=\"http:\/\/docenciavirtual.ufro.cl\/index.php\/1-revisa-tu-asignatura\/\"><img decoding=\"async\" loading=\"lazy\" class=\" wp-image-178 alignleft\" src=\"http:\/\/docenciavirtual.ufro.cl\/wp-content\/uploads\/2020\/03\/Parte-1-210x300.jpg\" alt=\"\" width=\"247\" height=\"352\" srcset=\"https:\/\/docenciavirtual.ufro.cl\/wp-content\/uploads\/2020\/03\/Parte-1-210x300.jpg 210w, https:\/\/docenciavirtual.ufro.cl\/wp-content\/uploads\/2020\/03\/Parte-1-17x24.jpg 17w, https:\/\/docenciavirtual.ufro.cl\/wp-content\/uploads\/2020\/03\/Parte-1-25x36.jpg 25w, https:\/\/docenciavirtual.ufro.cl\/wp-content\/uploads\/2020\/03\/Parte-1-34x48.jpg 34w, https:\/\/docenciavirtual.ufro.cl\/wp-content\/uploads\/2020\/03\/Parte-1.jpg 402w\" sizes=\"(max-width: 247px) 100vw, 247px\" \/><\/a> <a href=\"http:\/\/docenciavirtual.ufro.cl\/index.php\/2-usa-la-plataforma-campus-virtual\/\"><img decoding=\"async\" loading=\"lazy\" class=\" wp-image-179 alignleft\" src=\"http:\/\/docenciavirtual.ufro.cl\/wp-content\/uploads\/2020\/03\/Parte-2-210x300.jpg\" alt=\"\" width=\"247\" height=\"353\" srcset=\"https:\/\/docenciavirtual.ufro.cl\/wp-content\/uploads\/2020\/03\/Parte-2-210x300.jpg 210w, https:\/\/docenciavirtual.ufro.cl\/wp-content\/uploads\/2020\/03\/Parte-2-17x24.jpg 17w, https:\/\/docenciavirtual.ufro.cl\/wp-content\/uploads\/2020\/03\/Parte-2-25x36.jpg 25w, https:\/\/docenciavirtual.ufro.cl\/wp-content\/uploads\/2020\/03\/Parte-2-34x48.jpg 34w, https:\/\/docenciavirtual.ufro.cl\/wp-content\/uploads\/2020\/03\/Parte-2.jpg 402w\" sizes=\"(max-width: 247px) 100vw, 247px\" \/><\/a> <a href=\"http:\/\/docenciavirtual.ufro.cl\/index.php\/3-realiza-tus-clases-a-traves-de-videoconferencia-con-google-meet\/\"><img decoding=\"async\" loading=\"lazy\" class=\" wp-image-180 alignleft\" src=\"http:\/\/docenciavirtual.ufro.cl\/wp-content\/uploads\/2020\/03\/Parte-3-210x300.jpg\" alt=\"\" width=\"246\" height=\"351\" srcset=\"https:\/\/docenciavirtual.ufro.cl\/wp-content\/uploads\/2020\/03\/Parte-3-210x300.jpg 210w, https:\/\/docenciavirtual.ufro.cl\/wp-content\/uploads\/2020\/03\/Parte-3-17x24.jpg 17w, https:\/\/docenciavirtual.ufro.cl\/wp-content\/uploads\/2020\/03\/Parte-3-25x36.jpg 25w, https:\/\/docenciavirtual.ufro.cl\/wp-content\/uploads\/2020\/03\/Parte-3-34x48.jpg 34w, https:\/\/docenciavirtual.ufro.cl\/wp-content\/uploads\/2020\/03\/Parte-3.jpg 402w\" sizes=\"(max-width: 246px) 100vw, 246px\" \/><\/a><\/p>\r\n\r\n\r\n\r\n<p>&nbsp;<\/p>\r\n<p>&nbsp;<\/p>\r\n<p>&nbsp;<\/p>\r\n<p>&nbsp;<\/p>\r\n<p>&nbsp;<\/p>\r\n<p>&nbsp;<\/p>\r\n<p>&nbsp;<\/p>\r\n<p>&nbsp;<\/p>\r\n<p>&nbsp;<\/p>\r\n<p>&nbsp;<\/p>\r\n<p><strong>Los pasos fundamentales son:<\/strong><\/p>\r\n\r\n\r\n\r\n<ol>\r\n<li>Revisa tu asignatura, \u00bfqu\u00e9 necesita tu planificaci\u00f3n actual para adaptarla a un escenario temporal de no presencialidad?<\/li>\r\n<li>Usa Campus Virtual (plataforma de la UFRO) para compartir y\/o disponibilizar material con los estudiantes, solicitar y corregir tareas, comunicarte con los estudiantes, etc.<\/li>\r\n<li>Realiza videoconferencias con los estudiantes a trav\u00e9s de alguna de las herramientas disponibles: para sesiones expositivas, resoluci\u00f3n de dudas, tutor\u00eda, actividades y debates grupales, etc.\u00a0<\/li>\r\n<\/ol>\r\n<blockquote>\r\n<p>Adem\u00e1s, tienes a tu disposici\u00f3n otras herramientas asociadas a tu email @ufrontera.cl como:<\/p>\r\n<ul>\r\n<li><a href=\"https:\/\/drive.google.com\/drive\/my-drive\" target=\"_blank\" rel=\"noopener noreferrer\">Google Drive<\/a> para la creaci\u00f3n de documentos colaborativos.<\/li>\r\n<li><a href=\"https:\/\/hangouts.google.com\/\" target=\"_blank\" rel=\"noopener noreferrer\">Hangouts\/Google<\/a> meet para comunicaci\u00f3n con grupos.<\/li>\r\n<li><a href=\"https:\/\/calendar.google.com\/\">Google Calendar<\/a> para agendar sesiones no presenciales.<\/li>\r\n<\/ul>\r\n<\/blockquote>\r\n","protected":false},"excerpt":{"rendered":"<p>Ante la necesidad de trasladar temporalmente las clases presenciales a un escenario no presencial virtual, se recomienda algunas acciones para hacerlo del modo m\u00e1s sencillo y eficaz para todos y todas. &nbsp; &nbsp; &nbsp; &nbsp; &nbsp; &nbsp; &nbsp; &nbsp; &nbsp; &nbsp; Los pasos fundamentales son: Revisa tu asignatura, \u00bfqu\u00e9 necesita tu planificaci\u00f3n actual para adaptarla&hellip;<\/p>\n","protected":false},"author":2,"featured_media":0,"parent":0,"menu_order":0,"comment_status":"open","ping_status":"closed","template":"","meta":{"footnotes":""},"pwapp_after_post_content":"","pwapp_before_post_content":"","androapp_header":"","pwapp_author":{"ID":2,"name":"Docencia Virtual","slug":"admin"},"pwapp_terms":[],"pwapp_feed_image_dimension_type":"preview","pwapp_post_image":"http:\/\/docenciavirtual.ufro.cl\/wp-content\/uploads\/2020\/03\/Parte-3-210x300.jpg","share_image":"http:\/\/docenciavirtual.ufro.cl\/wp-content\/uploads\/2020\/03\/Parte-3-210x300.jpg","featured_image_showhide":"show","pwapp_excerpt":"<p>Ante la necesidad de trasladar temporalmente las clases presenciales a un escenario no presencial virtual, se recomienda algunas acciones para hacerlo del modo m\u00e1s sencillo y eficaz para todos y todas. &nbsp; &nbsp; &nbsp; &nbsp; &nbsp; &nbsp; &nbsp; &nbsp; &nbsp; &nbsp; Los pasos fundamentales son: Revisa tu asignatura, \u00bfqu\u00e9 necesita tu planificaci\u00f3n actual para adaptarla&hellip;<\/p>\n","pwapp_title":"C\u00f3mo realizar Docencia Virtual","androapp_image_list":[{"src":"http:\/\/docenciavirtual.ufro.cl\/wp-content\/uploads\/2020\/03\/Parte-1-210x300.jpg","height":200},{"src":"http:\/\/docenciavirtual.ufro.cl\/wp-content\/uploads\/2020\/03\/Parte-2-210x300.jpg","height":200},{"src":"http:\/\/docenciavirtual.ufro.cl\/wp-content\/uploads\/2020\/03\/Parte-3-210x300.jpg","height":200}],"pwapp_post_content":"<style type=\"text\/css\">androapp img{\r\n    max-width: 100%;\r\n    height: auto;\r\n}\r\niframe{\r\n    max-width: 100%;    \r\n}\r\nfigure {\r\n    max-width: 100%;\r\n    height: auto;\r\n}\r\nimg{\r\n    max-width: 100% !important;\r\n    height: auto;\r\n}\r\ndiv {\r\n    max-width: 100% !important;\r\n}\r\nspan {\r\n    max-width:100%;\r\n    overflow: auto;\r\n}\r\naudio {\r\n    display:block;\r\n    visibility:visible !important;\r\n}\r\nvideo{\r\n    width:100%;\r\n    height:auto;\r\n}\r\n<\/style><div class='androapp'>\r\n<p>Ante la necesidad de trasladar temporalmente las clases presenciales a un escenario no presencial virtual, se recomienda algunas acciones para hacerlo del modo m\u00e1s sencillo y eficaz para todos y todas.<\/p>\r\n<p><a href=\"http:\/\/docenciavirtual.ufro.cl\/index.php\/1-revisa-tu-asignatura\/\"><img decoding=\"async\" loading=\"lazy\" class=\" wp-image-178 alignleft\" src=\"http:\/\/docenciavirtual.ufro.cl\/wp-content\/uploads\/2020\/03\/Parte-1-210x300.jpg\" alt=\"\" width=\"247\" height=\"352\" srcset=\"https:\/\/docenciavirtual.ufro.cl\/wp-content\/uploads\/2020\/03\/Parte-1-210x300.jpg 210w, https:\/\/docenciavirtual.ufro.cl\/wp-content\/uploads\/2020\/03\/Parte-1-17x24.jpg 17w, https:\/\/docenciavirtual.ufro.cl\/wp-content\/uploads\/2020\/03\/Parte-1-25x36.jpg 25w, https:\/\/docenciavirtual.ufro.cl\/wp-content\/uploads\/2020\/03\/Parte-1-34x48.jpg 34w, https:\/\/docenciavirtual.ufro.cl\/wp-content\/uploads\/2020\/03\/Parte-1.jpg 402w\" sizes=\"(max-width: 247px) 100vw, 247px\" \/><\/a> <a href=\"http:\/\/docenciavirtual.ufro.cl\/index.php\/2-usa-la-plataforma-campus-virtual\/\"><img decoding=\"async\" loading=\"lazy\" class=\" wp-image-179 alignleft\" src=\"http:\/\/docenciavirtual.ufro.cl\/wp-content\/uploads\/2020\/03\/Parte-2-210x300.jpg\" alt=\"\" width=\"247\" height=\"353\" srcset=\"https:\/\/docenciavirtual.ufro.cl\/wp-content\/uploads\/2020\/03\/Parte-2-210x300.jpg 210w, https:\/\/docenciavirtual.ufro.cl\/wp-content\/uploads\/2020\/03\/Parte-2-17x24.jpg 17w, https:\/\/docenciavirtual.ufro.cl\/wp-content\/uploads\/2020\/03\/Parte-2-25x36.jpg 25w, https:\/\/docenciavirtual.ufro.cl\/wp-content\/uploads\/2020\/03\/Parte-2-34x48.jpg 34w, https:\/\/docenciavirtual.ufro.cl\/wp-content\/uploads\/2020\/03\/Parte-2.jpg 402w\" sizes=\"(max-width: 247px) 100vw, 247px\" \/><\/a> <a href=\"http:\/\/docenciavirtual.ufro.cl\/index.php\/3-realiza-tus-clases-a-traves-de-videoconferencia-con-google-meet\/\"><img decoding=\"async\" loading=\"lazy\" class=\" wp-image-180 alignleft\" src=\"http:\/\/docenciavirtual.ufro.cl\/wp-content\/uploads\/2020\/03\/Parte-3-210x300.jpg\" alt=\"\" width=\"246\" height=\"351\" srcset=\"https:\/\/docenciavirtual.ufro.cl\/wp-content\/uploads\/2020\/03\/Parte-3-210x300.jpg 210w, https:\/\/docenciavirtual.ufro.cl\/wp-content\/uploads\/2020\/03\/Parte-3-17x24.jpg 17w, https:\/\/docenciavirtual.ufro.cl\/wp-content\/uploads\/2020\/03\/Parte-3-25x36.jpg 25w, https:\/\/docenciavirtual.ufro.cl\/wp-content\/uploads\/2020\/03\/Parte-3-34x48.jpg 34w, https:\/\/docenciavirtual.ufro.cl\/wp-content\/uploads\/2020\/03\/Parte-3.jpg 402w\" sizes=\"(max-width: 246px) 100vw, 246px\" \/><\/a><\/p>\r\n\r\n\r\n\r\n<p>&nbsp;<\/p>\r\n<p>&nbsp;<\/p>\r\n<p>&nbsp;<\/p>\r\n<p>&nbsp;<\/p>\r\n<p>&nbsp;<\/p>\r\n<p>&nbsp;<\/p>\r\n<p>&nbsp;<\/p>\r\n<p>&nbsp;<\/p>\r\n<p>&nbsp;<\/p>\r\n<p>&nbsp;<\/p>\r\n<p><strong>Los pasos fundamentales son:<\/strong><\/p>\r\n\r\n\r\n\r\n<ol>\r\n<li>Revisa tu asignatura, \u00bfqu\u00e9 necesita tu planificaci\u00f3n actual para adaptarla a un escenario temporal de no presencialidad?<\/li>\r\n<li>Usa Campus Virtual (plataforma de la UFRO) para compartir y\/o disponibilizar material con los estudiantes, solicitar y corregir tareas, comunicarte con los estudiantes, etc.<\/li>\r\n<li>Realiza videoconferencias con los estudiantes a trav\u00e9s de alguna de las herramientas disponibles: para sesiones expositivas, resoluci\u00f3n de dudas, tutor\u00eda, actividades y debates grupales, etc.\u00a0<\/li>\r\n<\/ol>\r\n<blockquote>\r\n<p>Adem\u00e1s, tienes a tu disposici\u00f3n otras herramientas asociadas a tu email @ufrontera.cl como:<\/p>\r\n<ul>\r\n<li><a href=\"https:\/\/drive.google.com\/drive\/my-drive\" target=\"_blank\" rel=\"noopener noreferrer\">Google Drive<\/a> para la creaci\u00f3n de documentos colaborativos.<\/li>\r\n<li><a href=\"https:\/\/hangouts.google.com\/\" target=\"_blank\" rel=\"noopener noreferrer\">Hangouts\/Google<\/a> meet para comunicaci\u00f3n con grupos.<\/li>\r\n<li><a href=\"https:\/\/calendar.google.com\/\">Google Calendar<\/a> para agendar sesiones no presenciales.<\/li>\r\n<\/ul>\r\n<\/blockquote>\r\n<\/div>","pwapp_post_content_type":"postprocessed2","pwapp_preview_type":"excerpt","androapp_failover_post_content_type":"","share_text":"C\u00f3mo realizar Docencia Virtual\nvia https:\/\/docenciavirtual.ufro.cl\/index.php\/como-realizar-docencia-virtual\/","androapp_comments_count":0,"supercache":"androappsupercache","_links":{"self":[{"href":"https:\/\/docenciavirtual.ufro.cl\/index.php\/wp-json\/wp\/v2\/pages\/71"}],"collection":[{"href":"https:\/\/docenciavirtual.ufro.cl\/index.php\/wp-json\/wp\/v2\/pages"}],"about":[{"href":"https:\/\/docenciavirtual.ufro.cl\/index.php\/wp-json\/wp\/v2\/types\/page"}],"author":[{"embeddable":true,"href":"https:\/\/docenciavirtual.ufro.cl\/index.php\/wp-json\/wp\/v2\/users\/2"}],"replies":[{"embeddable":true,"href":"https:\/\/docenciavirtual.ufro.cl\/index.php\/wp-json\/wp\/v2\/comments?post=71"}],"version-history":[{"count":6,"href":"https:\/\/docenciavirtual.ufro.cl\/index.php\/wp-json\/wp\/v2\/pages\/71\/revisions"}],"predecessor-version":[{"id":264,"href":"https:\/\/docenciavirtual.ufro.cl\/index.php\/wp-json\/wp\/v2\/pages\/71\/revisions\/264"}],"wp:attachment":[{"href":"https:\/\/docenciavirtual.ufro.cl\/index.php\/wp-json\/wp\/v2\/media?parent=71"}],"curies":[{"name":"wp","href":"https:\/\/api.w.org\/{rel}","templated":true}]}}