{"id":3810,"date":"2020-09-08T02:42:48","date_gmt":"2020-09-08T05:42:48","guid":{"rendered":"http:\/\/docenciavirtual.ufro.cl\/?page_id=3810"},"modified":"2020-09-16T16:13:50","modified_gmt":"2020-09-16T19:13:50","slug":"recursos-ayudantes","status":"publish","type":"page","link":"https:\/\/docenciavirtual.ufro.cl\/index.php\/recursos-ayudantes\/","title":{"rendered":"Recursos"},"content":{"rendered":"\t\t<div data-elementor-type=\"wp-page\" data-elementor-id=\"3810\" class=\"elementor elementor-3810\">\n\t\t\t\t\t\t\t\t\t<section class=\"elementor-section elementor-top-section elementor-element elementor-element-bcae117 elementor-section-boxed elementor-section-height-default elementor-section-height-default\" data-id=\"bcae117\" data-element_type=\"section\">\n\t\t\t\t\t\t<div class=\"elementor-container elementor-column-gap-default\">\n\t\t\t\t\t<div class=\"elementor-column elementor-col-100 elementor-top-column elementor-element elementor-element-240a60b\" data-id=\"240a60b\" data-element_type=\"column\">\n\t\t\t<div class=\"elementor-widget-wrap\">\n\t\t\t\t\t\t\t\t\t<\/div>\n\t\t<\/div>\n\t\t\t\t\t\t\t<\/div>\n\t\t<\/section>\n\t\t\t\t<section class=\"elementor-section elementor-top-section elementor-element elementor-element-ab92cd3 elementor-section-boxed elementor-section-height-default elementor-section-height-default\" data-id=\"ab92cd3\" data-element_type=\"section\">\n\t\t\t\t\t\t<div class=\"elementor-container elementor-column-gap-default\">\n\t\t\t\t\t<div class=\"elementor-column elementor-col-100 elementor-top-column elementor-element elementor-element-06d1eda\" data-id=\"06d1eda\" data-element_type=\"column\">\n\t\t\t<div class=\"elementor-widget-wrap elementor-element-populated\">\n\t\t\t\t\t\t\t\t<div class=\"elementor-element elementor-element-ab7be30 elementor-widget elementor-widget-spacer\" data-id=\"ab7be30\" data-element_type=\"widget\" data-widget_type=\"spacer.default\">\n\t\t\t\t<div class=\"elementor-widget-container\">\n\t\t\t\t\t<div class=\"elementor-spacer\">\n\t\t\t<div class=\"elementor-spacer-inner\"><\/div>\n\t\t<\/div>\n\t\t\t\t<\/div>\n\t\t\t\t<\/div>\n\t\t\t\t\t<\/div>\n\t\t<\/div>\n\t\t\t\t\t\t\t<\/div>\n\t\t<\/section>\n\t\t\t\t<section class=\"elementor-section elementor-top-section elementor-element elementor-element-91ba225 elementor-section-boxed elementor-section-height-default elementor-section-height-default\" data-id=\"91ba225\" data-element_type=\"section\">\n\t\t\t\t\t\t<div class=\"elementor-container elementor-column-gap-default\">\n\t\t\t\t\t<div class=\"elementor-column elementor-col-100 elementor-top-column elementor-element elementor-element-33818fe\" data-id=\"33818fe\" data-element_type=\"column\">\n\t\t\t<div class=\"elementor-widget-wrap elementor-element-populated\">\n\t\t\t\t\t\t\t\t<div class=\"elementor-element elementor-element-bc91319 elementor-widget elementor-widget-heading\" data-id=\"bc91319\" data-element_type=\"widget\" data-widget_type=\"heading.default\">\n\t\t\t\t<div class=\"elementor-widget-container\">\n\t\t\t<h2 class=\"elementor-heading-title elementor-size-default\">Revisa los siguientes contenidos:<\/h2>\t\t<\/div>\n\t\t\t\t<\/div>\n\t\t\t\t\t<\/div>\n\t\t<\/div>\n\t\t\t\t\t\t\t<\/div>\n\t\t<\/section>\n\t\t\t\t<section class=\"elementor-section elementor-top-section elementor-element elementor-element-38cd448 elementor-section-boxed elementor-section-height-default elementor-section-height-default\" data-id=\"38cd448\" data-element_type=\"section\">\n\t\t\t\t\t\t<div class=\"elementor-container elementor-column-gap-default\">\n\t\t\t\t\t<div class=\"elementor-column elementor-col-100 elementor-top-column elementor-element elementor-element-c88ec37\" data-id=\"c88ec37\" data-element_type=\"column\">\n\t\t\t<div class=\"elementor-widget-wrap elementor-element-populated\">\n\t\t\t\t\t\t\t\t<div class=\"elementor-element elementor-element-1eb097d elementor-widget elementor-widget-spacer\" data-id=\"1eb097d\" data-element_type=\"widget\" data-widget_type=\"spacer.default\">\n\t\t\t\t<div class=\"elementor-widget-container\">\n\t\t\t\t\t<div class=\"elementor-spacer\">\n\t\t\t<div class=\"elementor-spacer-inner\"><\/div>\n\t\t<\/div>\n\t\t\t\t<\/div>\n\t\t\t\t<\/div>\n\t\t\t\t<div class=\"elementor-element elementor-element-f2237a4 elementor-widget elementor-widget-futurio-extra-posts\" data-id=\"f2237a4\" data-element_type=\"widget\" data-widget_type=\"futurio-extra-posts.default\">\n\t\t\t\t<div class=\"elementor-widget-container\">\n\t\t\t\n\t\t<div class=\"f-posts-shortcode\">\n\t\t\t<div class=\"latest-news-wrapper\">\n\t\t\t\t\t\t\t<article id=\"post-2454\" class=\"news-item text-center col-md-3 post-2454 post type-post status-publish format-standard hentry category-catalogo-recursos category-clases-virtuales tag-archivos tag-asincronico tag-campus-virtual tag-carpeta tag-link tag-url tag-video\">\n\t\t\t\t\t<div class=\"entry-thumb\">\n\t\t\t\t\t\t\t\t\n\t\t\t\t\t<\/div>\t\t\t\t\t\t\n  \t\t\t\t<h4 class=\"entry-title\"><a href=\"https:\/\/docenciavirtual.ufro.cl\/index.php\/documento-tutorial-contenidos-del-curso\/\" rel=\"bookmark\">Documento tutorial: Contenidos del curso<\/a><\/h4>          <div class=\"f-line\"><\/div>\n\t\t\t\t\t<div class=\"post-excerpt\">\n\t\t\t\t\tInstructivo que entrega el paso a paso de c\u00f3mo integrar archivos, videos, v\u00ednculos, as\u00ed como las acciones t\u00e9cnicas para mostrar, ocultar, duplicar, etc.          <\/div>\n\t\t\t\t<\/article>\n\t\t\t\t\t\t\t<article id=\"post-2447\" class=\"news-item text-center col-md-3 post-2447 post type-post status-publish format-standard hentry category-catalogo-recursos category-clases-virtuales tag-asincronico tag-campus-virtual tag-configuracion tag-estructura-curso tag-organizacion-curso\">\n\t\t\t\t\t<div class=\"entry-thumb\">\n\t\t\t\t\t\t\t\t\n\t\t\t\t\t<\/div>\t\t\t\t\t\t\n  \t\t\t\t<h4 class=\"entry-title\"><a href=\"https:\/\/docenciavirtual.ufro.cl\/index.php\/documento-tutorial-configuracion-y-estructura-del-curso\/\" rel=\"bookmark\">Documento tutorial: Configuracio\u0301n y estructura del Curso<\/a><\/h4>          <div class=\"f-line\"><\/div>\n\t\t\t\t\t<div class=\"post-excerpt\">\n\t\t\t\t\tInstructivo que orienta al docente de los principales aspectos de configuraci\u00f3n, estructura y organizaci\u00f3n de un curso, dependiendo del tema o plantilla de la cual dispone          <\/div>\n\t\t\t\t<\/article>\n\t\t\t\t\t\t\t<article id=\"post-2430\" class=\"news-item text-center col-md-3 post-2430 post type-post status-publish format-standard hentry category-catalogo-recursos category-clases-virtuales tag-actividades tag-asincronico tag-campus-virtual tag-catalogo tag-docencia-virtual tag-herramientas-de-ensenanza-aprendizaje\">\n\t\t\t\t\t<div class=\"entry-thumb\">\n\t\t\t\t\t\t\t\t\n\t\t\t\t\t<\/div>\t\t\t\t\t\t\n  \t\t\t\t<h4 class=\"entry-title\"><a href=\"https:\/\/docenciavirtual.ufro.cl\/index.php\/video-tutorial-consejos-y-sugerencias-basicas-para-instrucciones-en-cursos-virtuales\/\" rel=\"bookmark\">Video Tutorial: Consejos y sugerencias b\u00e1sicas para instrucciones en cursos virtuales<\/a><\/h4>          <div class=\"f-line\"><\/div>\n\t\t\t\t\t<div class=\"post-excerpt\">\n\t\t\t\t\tMaterial audiovisual que contiene orientaciones y sugerencias b\u00e1sicas para considerar a la hora de realizar tus instrucciones para actividades online.          <\/div>\n\t\t\t\t<\/article>\n\t\t\t\t\t\t\t<article id=\"post-2220\" class=\"news-item text-center col-md-3 post-2220 post type-post status-publish format-standard hentry category-catalogo-recursos category-clases-virtuales tag-actividades tag-campus-virtual tag-herramientas-de-ensenanza-aprendizaje-asincronico\">\n\t\t\t\t\t<div class=\"entry-thumb\">\n\t\t\t\t\t\t\t\t\n\t\t\t\t\t<\/div>\t\t\t\t\t\t\n  \t\t\t\t<h4 class=\"entry-title\"><a href=\"https:\/\/docenciavirtual.ufro.cl\/index.php\/video-tutorial-configuracion-basica-de-la-plataforma-campus-virtual\/\" rel=\"bookmark\">Video Tutorial: Configuraci\u00f3n b\u00e1sica de la plataforma Campus Virtual<\/a><\/h4>          <div class=\"f-line\"><\/div>\n\t\t\t\t\t<div class=\"post-excerpt\">\n\t\t\t\t\tMaterial audiovisual que contiene orientaciones para iniciar el reconocimiento guiado de la plataforma Campus Virtual.          <\/div>\n\t\t\t\t<\/article>\n\t\t\t\t\t\t<\/div>\n\t\t<\/div>\n\n\t\t\n\t\t\t\t<\/div>\n\t\t\t\t<\/div>\n\t\t\t\t\t<\/div>\n\t\t<\/div>\n\t\t\t\t\t\t\t<\/div>\n\t\t<\/section>\n\t\t\t\t\t\t\t<\/div>\n\t\t","protected":false},"excerpt":{"rendered":"<p>Revisa los siguientes contenidos: Documento tutorial: Contenidos del curso Instructivo que entrega el paso a paso de c\u00f3mo integrar archivos, videos, v\u00ednculos, as\u00ed como las acciones t\u00e9cnicas para mostrar, ocultar, duplicar, etc. Documento tutorial: Configuracio\u0301n y estructura del Curso Instructivo que orienta al docente de los principales aspectos de configuraci\u00f3n, estructura y organizaci\u00f3n de un&hellip;<\/p>\n","protected":false},"author":112,"featured_media":0,"parent":0,"menu_order":0,"comment_status":"closed","ping_status":"closed","template":"","meta":{"footnotes":""},"pwapp_after_post_content":"","pwapp_before_post_content":"","androapp_header":"","pwapp_author":{"ID":112,"name":"arielaravenaq","slug":"arielaravenaq"},"pwapp_terms":[],"pwapp_feed_image_dimension_type":"preview","pwapp_post_image":null,"share_image":null,"featured_image_showhide":"show","pwapp_excerpt":"<p>Revisa los siguientes contenidos: Documento tutorial: Contenidos del curso Instructivo que entrega el paso a paso de c\u00f3mo integrar archivos, videos, v\u00ednculos, as\u00ed como las acciones t\u00e9cnicas para mostrar, ocultar, duplicar, etc. Documento tutorial: Configuracio\u0301n y estructura del Curso Instructivo que orienta al docente de los principales aspectos de configuraci\u00f3n, estructura y organizaci\u00f3n de un&hellip;<\/p>\n","pwapp_title":"Recursos","androapp_image_list":[],"pwapp_post_content":"<style type=\"text\/css\">androapp img{\r\n    max-width: 100%;\r\n    height: auto;\r\n}\r\niframe{\r\n    max-width: 100%;    \r\n}\r\nfigure {\r\n    max-width: 100%;\r\n    height: auto;\r\n}\r\nimg{\r\n    max-width: 100% !important;\r\n    height: auto;\r\n}\r\ndiv {\r\n    max-width: 100% !important;\r\n}\r\nspan {\r\n    max-width:100%;\r\n    overflow: auto;\r\n}\r\naudio {\r\n    display:block;\r\n    visibility:visible !important;\r\n}\r\nvideo{\r\n    width:100%;\r\n    height:auto;\r\n}\r\n<\/style><div class='androapp'>\t\t<div data-elementor-type=\"wp-page\" data-elementor-id=\"3810\" class=\"elementor elementor-3810\">\n\t\t\t\t\t\t\t\t\t<section class=\"elementor-section elementor-top-section elementor-element elementor-element-bcae117 elementor-section-boxed elementor-section-height-default elementor-section-height-default\" data-id=\"bcae117\" data-element_type=\"section\">\n\t\t\t\t\t\t<div class=\"elementor-container elementor-column-gap-default\">\n\t\t\t\t\t<div class=\"elementor-column elementor-col-100 elementor-top-column elementor-element elementor-element-240a60b\" data-id=\"240a60b\" data-element_type=\"column\">\n\t\t\t<div class=\"elementor-widget-wrap\">\n\t\t\t\t\t\t\t\t\t<\/div>\n\t\t<\/div>\n\t\t\t\t\t\t\t<\/div>\n\t\t<\/section>\n\t\t\t\t<section class=\"elementor-section elementor-top-section elementor-element elementor-element-ab92cd3 elementor-section-boxed elementor-section-height-default elementor-section-height-default\" data-id=\"ab92cd3\" data-element_type=\"section\">\n\t\t\t\t\t\t<div class=\"elementor-container elementor-column-gap-default\">\n\t\t\t\t\t<div class=\"elementor-column elementor-col-100 elementor-top-column elementor-element elementor-element-06d1eda\" data-id=\"06d1eda\" data-element_type=\"column\">\n\t\t\t<div class=\"elementor-widget-wrap elementor-element-populated\">\n\t\t\t\t\t\t\t\t<div class=\"elementor-element elementor-element-ab7be30 elementor-widget elementor-widget-spacer\" data-id=\"ab7be30\" data-element_type=\"widget\" data-widget_type=\"spacer.default\">\n\t\t\t\t<div class=\"elementor-widget-container\">\n\t\t\t\t\t<div class=\"elementor-spacer\">\n\t\t\t<div class=\"elementor-spacer-inner\"><\/div>\n\t\t<\/div>\n\t\t\t\t<\/div>\n\t\t\t\t<\/div>\n\t\t\t\t\t<\/div>\n\t\t<\/div>\n\t\t\t\t\t\t\t<\/div>\n\t\t<\/section>\n\t\t\t\t<section class=\"elementor-section elementor-top-section elementor-element elementor-element-91ba225 elementor-section-boxed elementor-section-height-default elementor-section-height-default\" data-id=\"91ba225\" data-element_type=\"section\">\n\t\t\t\t\t\t<div class=\"elementor-container elementor-column-gap-default\">\n\t\t\t\t\t<div class=\"elementor-column elementor-col-100 elementor-top-column elementor-element elementor-element-33818fe\" data-id=\"33818fe\" data-element_type=\"column\">\n\t\t\t<div class=\"elementor-widget-wrap elementor-element-populated\">\n\t\t\t\t\t\t\t\t<div class=\"elementor-element elementor-element-bc91319 elementor-widget elementor-widget-heading\" data-id=\"bc91319\" data-element_type=\"widget\" data-widget_type=\"heading.default\">\n\t\t\t\t<div class=\"elementor-widget-container\">\n\t\t\t<h2 class=\"elementor-heading-title elementor-size-default\">Revisa los siguientes contenidos:<\/h2>\t\t<\/div>\n\t\t\t\t<\/div>\n\t\t\t\t\t<\/div>\n\t\t<\/div>\n\t\t\t\t\t\t\t<\/div>\n\t\t<\/section>\n\t\t\t\t<section class=\"elementor-section elementor-top-section elementor-element elementor-element-38cd448 elementor-section-boxed elementor-section-height-default elementor-section-height-default\" data-id=\"38cd448\" data-element_type=\"section\">\n\t\t\t\t\t\t<div class=\"elementor-container elementor-column-gap-default\">\n\t\t\t\t\t<div class=\"elementor-column elementor-col-100 elementor-top-column elementor-element elementor-element-c88ec37\" data-id=\"c88ec37\" data-element_type=\"column\">\n\t\t\t<div class=\"elementor-widget-wrap elementor-element-populated\">\n\t\t\t\t\t\t\t\t<div class=\"elementor-element elementor-element-1eb097d elementor-widget elementor-widget-spacer\" data-id=\"1eb097d\" data-element_type=\"widget\" data-widget_type=\"spacer.default\">\n\t\t\t\t<div class=\"elementor-widget-container\">\n\t\t\t\t\t<div class=\"elementor-spacer\">\n\t\t\t<div class=\"elementor-spacer-inner\"><\/div>\n\t\t<\/div>\n\t\t\t\t<\/div>\n\t\t\t\t<\/div>\n\t\t\t\t<div class=\"elementor-element elementor-element-f2237a4 elementor-widget elementor-widget-futurio-extra-posts\" data-id=\"f2237a4\" data-element_type=\"widget\" data-widget_type=\"futurio-extra-posts.default\">\n\t\t\t\t<div class=\"elementor-widget-container\">\n\t\t\t\n\t\t<div class=\"f-posts-shortcode\">\n\t\t\t<div class=\"latest-news-wrapper\">\n\t\t\t\t\t\t\t<article id=\"post-2454\" class=\"news-item text-center col-md-3 post-2454 post type-post status-publish format-standard hentry category-catalogo-recursos category-clases-virtuales tag-archivos tag-asincronico tag-campus-virtual tag-carpeta tag-link tag-url tag-video\">\n\t\t\t\t\t<div class=\"entry-thumb\">\n\t\t\t\t\t\t\t\t\n\t\t\t\t\t<\/div>\t\t\t\t\t\t\n  \t\t\t\t<h4 class=\"entry-title\"><a href=\"https:\/\/docenciavirtual.ufro.cl\/index.php\/documento-tutorial-contenidos-del-curso\/\" rel=\"bookmark\">Documento tutorial: Contenidos del curso<\/a><\/h4>          <div class=\"f-line\"><\/div>\n\t\t\t\t\t<div class=\"post-excerpt\">\n\t\t\t\t\tInstructivo que entrega el paso a paso de c\u00f3mo integrar archivos, videos, v\u00ednculos, as\u00ed como las acciones t\u00e9cnicas para mostrar, ocultar, duplicar, etc.          <\/div>\n\t\t\t\t<\/article>\n\t\t\t\t\t\t\t<article id=\"post-2447\" class=\"news-item text-center col-md-3 post-2447 post type-post status-publish format-standard hentry category-catalogo-recursos category-clases-virtuales tag-asincronico tag-campus-virtual tag-configuracion tag-estructura-curso tag-organizacion-curso\">\n\t\t\t\t\t<div class=\"entry-thumb\">\n\t\t\t\t\t\t\t\t\n\t\t\t\t\t<\/div>\t\t\t\t\t\t\n  \t\t\t\t<h4 class=\"entry-title\"><a href=\"https:\/\/docenciavirtual.ufro.cl\/index.php\/documento-tutorial-configuracion-y-estructura-del-curso\/\" rel=\"bookmark\">Documento tutorial: Configuracio\u0301n y estructura del Curso<\/a><\/h4>          <div class=\"f-line\"><\/div>\n\t\t\t\t\t<div class=\"post-excerpt\">\n\t\t\t\t\tInstructivo que orienta al docente de los principales aspectos de configuraci\u00f3n, estructura y organizaci\u00f3n de un curso, dependiendo del tema o plantilla de la cual dispone          <\/div>\n\t\t\t\t<\/article>\n\t\t\t\t\t\t\t<article id=\"post-2430\" class=\"news-item text-center col-md-3 post-2430 post type-post status-publish format-standard hentry category-catalogo-recursos category-clases-virtuales tag-actividades tag-asincronico tag-campus-virtual tag-catalogo tag-docencia-virtual tag-herramientas-de-ensenanza-aprendizaje\">\n\t\t\t\t\t<div class=\"entry-thumb\">\n\t\t\t\t\t\t\t\t\n\t\t\t\t\t<\/div>\t\t\t\t\t\t\n  \t\t\t\t<h4 class=\"entry-title\"><a href=\"https:\/\/docenciavirtual.ufro.cl\/index.php\/video-tutorial-consejos-y-sugerencias-basicas-para-instrucciones-en-cursos-virtuales\/\" rel=\"bookmark\">Video Tutorial: Consejos y sugerencias b\u00e1sicas para instrucciones en cursos virtuales<\/a><\/h4>          <div class=\"f-line\"><\/div>\n\t\t\t\t\t<div class=\"post-excerpt\">\n\t\t\t\t\tMaterial audiovisual que contiene orientaciones y sugerencias b\u00e1sicas para considerar a la hora de realizar tus instrucciones para actividades online.          <\/div>\n\t\t\t\t<\/article>\n\t\t\t\t\t\t\t<article id=\"post-2220\" class=\"news-item text-center col-md-3 post-2220 post type-post status-publish format-standard hentry category-catalogo-recursos category-clases-virtuales tag-actividades tag-campus-virtual tag-herramientas-de-ensenanza-aprendizaje-asincronico\">\n\t\t\t\t\t<div class=\"entry-thumb\">\n\t\t\t\t\t\t\t\t\n\t\t\t\t\t<\/div>\t\t\t\t\t\t\n  \t\t\t\t<h4 class=\"entry-title\"><a href=\"https:\/\/docenciavirtual.ufro.cl\/index.php\/video-tutorial-configuracion-basica-de-la-plataforma-campus-virtual\/\" rel=\"bookmark\">Video Tutorial: Configuraci\u00f3n b\u00e1sica de la plataforma Campus Virtual<\/a><\/h4>          <div class=\"f-line\"><\/div>\n\t\t\t\t\t<div class=\"post-excerpt\">\n\t\t\t\t\tMaterial audiovisual que contiene orientaciones para iniciar el reconocimiento guiado de la plataforma Campus Virtual.          <\/div>\n\t\t\t\t<\/article>\n\t\t\t\t\t\t<\/div>\n\t\t<\/div>\n\n\t\t\n\t\t\t\t<\/div>\n\t\t\t\t<\/div>\n\t\t\t\t\t<\/div>\n\t\t<\/div>\n\t\t\t\t\t\t\t<\/div>\n\t\t<\/section>\n\t\t\t\t\t\t\t<\/div>\n\t\t<\/div>","pwapp_post_content_type":"postprocessed2","pwapp_preview_type":"excerpt","androapp_failover_post_content_type":"","share_text":"Revisa los siguientes contenidos: Documento tutorial: Contenidos del curso Instructivo que entrega el paso a paso de c\u00f3mo integrar archivos, videos, v\u00ednculos, as\u00ed como las acciones t\u00e9cnicas para mostrar, ocultar, duplicar, etc. Documento tutorial: Configuracio\u0301n y estructura del Curso Instructivo que orienta al docente de los principales aspectos de configuraci\u00f3n, estructura y organizaci\u00f3n de un&hellip;\n\nvia https:\/\/docenciavirtual.ufro.cl\/index.php\/recursos-ayudantes\/","androapp_comments_count":0,"supercache":"androappsupercache","_links":{"self":[{"href":"https:\/\/docenciavirtual.ufro.cl\/index.php\/wp-json\/wp\/v2\/pages\/3810"}],"collection":[{"href":"https:\/\/docenciavirtual.ufro.cl\/index.php\/wp-json\/wp\/v2\/pages"}],"about":[{"href":"https:\/\/docenciavirtual.ufro.cl\/index.php\/wp-json\/wp\/v2\/types\/page"}],"author":[{"embeddable":true,"href":"https:\/\/docenciavirtual.ufro.cl\/index.php\/wp-json\/wp\/v2\/users\/112"}],"replies":[{"embeddable":true,"href":"https:\/\/docenciavirtual.ufro.cl\/index.php\/wp-json\/wp\/v2\/comments?post=3810"}],"version-history":[{"count":7,"href":"https:\/\/docenciavirtual.ufro.cl\/index.php\/wp-json\/wp\/v2\/pages\/3810\/revisions"}],"predecessor-version":[{"id":3979,"href":"https:\/\/docenciavirtual.ufro.cl\/index.php\/wp-json\/wp\/v2\/pages\/3810\/revisions\/3979"}],"wp:attachment":[{"href":"https:\/\/docenciavirtual.ufro.cl\/index.php\/wp-json\/wp\/v2\/media?parent=3810"}],"curies":[{"name":"wp","href":"https:\/\/api.w.org\/{rel}","templated":true}]}}