{"id":1236,"date":"2020-04-09T11:13:20","date_gmt":"2020-04-09T14:13:20","guid":{"rendered":"http:\/\/docenciavirtual.ufro.cl\/?page_id=1236"},"modified":"2020-05-18T23:02:43","modified_gmt":"2020-05-19T02:02:43","slug":"mi-primer-curso-en-docencia-virtual","status":"publish","type":"page","link":"https:\/\/docenciavirtual.ufro.cl\/index.php\/mi-primer-curso-en-docencia-virtual\/","title":{"rendered":"Mi Primer Curso"},"content":{"rendered":"<p>Esta c\u00e1psula pretende entregar ciertas orientaciones y lineamientos que permitan virtualizar las clases presenciales de las diversas carreras de la Universidad de La Frontera. \u00a0Este nuevo escenario\u00a0 complejo que vivimos, nos invita como Universidad a generar nuevas estrategias y metodolog\u00edas de educaci\u00f3n a distancia manteniendo altos est\u00e1ndares de compromiso y calidad con nuestros estudiantes.<\/p>\n<p>&nbsp;<\/p>\n<p><a href=\"https:\/\/virtualizate.cl\/capsuladocenciavirtual\/\" target=\"_blank\" rel=\"noopener noreferrer\"><img decoding=\"async\" loading=\"lazy\" class=\"wp-image-1228 aligncenter\" src=\"http:\/\/docenciavirtual.ufro.cl\/wp-content\/uploads\/2020\/04\/thumbnail.jpg\" alt=\"Imagen logo ufro\" width=\"400\" height=\"218\" srcset=\"https:\/\/docenciavirtual.ufro.cl\/wp-content\/uploads\/2020\/04\/thumbnail.jpg 940w, https:\/\/docenciavirtual.ufro.cl\/wp-content\/uploads\/2020\/04\/thumbnail-300x163.jpg 300w, https:\/\/docenciavirtual.ufro.cl\/wp-content\/uploads\/2020\/04\/thumbnail-768x418.jpg 768w, https:\/\/docenciavirtual.ufro.cl\/wp-content\/uploads\/2020\/04\/thumbnail-24x13.jpg 24w, https:\/\/docenciavirtual.ufro.cl\/wp-content\/uploads\/2020\/04\/thumbnail-36x20.jpg 36w, https:\/\/docenciavirtual.ufro.cl\/wp-content\/uploads\/2020\/04\/thumbnail-48x26.jpg 48w\" sizes=\"(max-width: 400px) 100vw, 400px\" \/><\/a><\/p>\n<p><a href=\"https:\/\/virtualizate.cl\/capsuladocenciavirtual\/\" target=\"_blank\" rel=\"noopener noreferrer\"><img decoding=\"async\" loading=\"lazy\" class=\"wp-image-1214 aligncenter\" src=\"http:\/\/docenciavirtual.ufro.cl\/wp-content\/uploads\/2020\/04\/6n3qJHyWAWT_80_DX1192_DY1192_CX894_CY193-300x64.png\" alt=\"\" width=\"188\" height=\"40\" srcset=\"https:\/\/docenciavirtual.ufro.cl\/wp-content\/uploads\/2020\/04\/6n3qJHyWAWT_80_DX1192_DY1192_CX894_CY193-300x64.png 300w, https:\/\/docenciavirtual.ufro.cl\/wp-content\/uploads\/2020\/04\/6n3qJHyWAWT_80_DX1192_DY1192_CX894_CY193-768x165.png 768w, https:\/\/docenciavirtual.ufro.cl\/wp-content\/uploads\/2020\/04\/6n3qJHyWAWT_80_DX1192_DY1192_CX894_CY193-24x5.png 24w, https:\/\/docenciavirtual.ufro.cl\/wp-content\/uploads\/2020\/04\/6n3qJHyWAWT_80_DX1192_DY1192_CX894_CY193-36x8.png 36w, https:\/\/docenciavirtual.ufro.cl\/wp-content\/uploads\/2020\/04\/6n3qJHyWAWT_80_DX1192_DY1192_CX894_CY193-48x10.png 48w, https:\/\/docenciavirtual.ufro.cl\/wp-content\/uploads\/2020\/04\/6n3qJHyWAWT_80_DX1192_DY1192_CX894_CY193.png 894w\" sizes=\"(max-width: 188px) 100vw, 188px\" \/><\/a><\/p>\n","protected":false},"excerpt":{"rendered":"<p>Esta c\u00e1psula pretende entregar ciertas orientaciones y lineamientos que permitan virtualizar las clases presenciales de las diversas carreras de la Universidad de La Frontera. \u00a0Este nuevo escenario\u00a0 complejo que vivimos, nos invita como Universidad a generar nuevas estrategias y metodolog\u00edas de educaci\u00f3n a distancia manteniendo altos est\u00e1ndares de compromiso y calidad con nuestros estudiantes. &nbsp;<\/p>\n","protected":false},"author":2,"featured_media":0,"parent":0,"menu_order":0,"comment_status":"closed","ping_status":"closed","template":"","meta":{"footnotes":""},"pwapp_after_post_content":"","pwapp_before_post_content":"","androapp_header":"","pwapp_author":{"ID":2,"name":"Docencia Virtual","slug":"admin"},"pwapp_terms":[],"pwapp_feed_image_dimension_type":"preview","pwapp_post_image":"http:\/\/docenciavirtual.ufro.cl\/wp-content\/uploads\/2020\/04\/thumbnail.jpg","share_image":"http:\/\/docenciavirtual.ufro.cl\/wp-content\/uploads\/2020\/04\/thumbnail.jpg","featured_image_showhide":"show","pwapp_excerpt":"<p>Esta c\u00e1psula pretende entregar ciertas orientaciones y lineamientos que permitan virtualizar las clases presenciales de las diversas carreras de la Universidad de La Frontera. \u00a0Este nuevo escenario\u00a0 complejo que vivimos, nos invita como Universidad a generar nuevas estrategias y metodolog\u00edas de educaci\u00f3n a distancia manteniendo altos est\u00e1ndares de compromiso y calidad con nuestros estudiantes. &nbsp;<\/p>\n","pwapp_title":"Mi Primer Curso","androapp_image_list":[{"src":"http:\/\/docenciavirtual.ufro.cl\/wp-content\/uploads\/2020\/04\/thumbnail.jpg","height":200},{"src":"http:\/\/docenciavirtual.ufro.cl\/wp-content\/uploads\/2020\/04\/6n3qJHyWAWT_80_DX1192_DY1192_CX894_CY193-300x64.png","height":200}],"pwapp_post_content":"<style type=\"text\/css\">androapp img{\r\n    max-width: 100%;\r\n    height: auto;\r\n}\r\niframe{\r\n    max-width: 100%;    \r\n}\r\nfigure {\r\n    max-width: 100%;\r\n    height: auto;\r\n}\r\nimg{\r\n    max-width: 100% !important;\r\n    height: auto;\r\n}\r\ndiv {\r\n    max-width: 100% !important;\r\n}\r\nspan {\r\n    max-width:100%;\r\n    overflow: auto;\r\n}\r\naudio {\r\n    display:block;\r\n    visibility:visible !important;\r\n}\r\nvideo{\r\n    width:100%;\r\n    height:auto;\r\n}\r\n<\/style><div class='androapp'><p>Esta c\u00e1psula pretende entregar ciertas orientaciones y lineamientos que permitan virtualizar las clases presenciales de las diversas carreras de la Universidad de La Frontera. \u00a0Este nuevo escenario\u00a0 complejo que vivimos, nos invita como Universidad a generar nuevas estrategias y metodolog\u00edas de educaci\u00f3n a distancia manteniendo altos est\u00e1ndares de compromiso y calidad con nuestros estudiantes.<\/p>\n<p>&nbsp;<\/p>\n<p><a href=\"https:\/\/virtualizate.cl\/capsuladocenciavirtual\/\" target=\"_blank\" rel=\"noopener noreferrer\"><img decoding=\"async\" loading=\"lazy\" class=\"wp-image-1228 aligncenter\" src=\"http:\/\/docenciavirtual.ufro.cl\/wp-content\/uploads\/2020\/04\/thumbnail.jpg\" alt=\"Imagen logo ufro\" width=\"400\" height=\"218\" srcset=\"https:\/\/docenciavirtual.ufro.cl\/wp-content\/uploads\/2020\/04\/thumbnail.jpg 940w, https:\/\/docenciavirtual.ufro.cl\/wp-content\/uploads\/2020\/04\/thumbnail-300x163.jpg 300w, https:\/\/docenciavirtual.ufro.cl\/wp-content\/uploads\/2020\/04\/thumbnail-768x418.jpg 768w, https:\/\/docenciavirtual.ufro.cl\/wp-content\/uploads\/2020\/04\/thumbnail-24x13.jpg 24w, https:\/\/docenciavirtual.ufro.cl\/wp-content\/uploads\/2020\/04\/thumbnail-36x20.jpg 36w, https:\/\/docenciavirtual.ufro.cl\/wp-content\/uploads\/2020\/04\/thumbnail-48x26.jpg 48w\" sizes=\"(max-width: 400px) 100vw, 400px\" \/><\/a><\/p>\n<p><a href=\"https:\/\/virtualizate.cl\/capsuladocenciavirtual\/\" target=\"_blank\" rel=\"noopener noreferrer\"><img decoding=\"async\" loading=\"lazy\" class=\"wp-image-1214 aligncenter\" src=\"http:\/\/docenciavirtual.ufro.cl\/wp-content\/uploads\/2020\/04\/6n3qJHyWAWT_80_DX1192_DY1192_CX894_CY193-300x64.png\" alt=\"\" width=\"188\" height=\"40\" srcset=\"https:\/\/docenciavirtual.ufro.cl\/wp-content\/uploads\/2020\/04\/6n3qJHyWAWT_80_DX1192_DY1192_CX894_CY193-300x64.png 300w, https:\/\/docenciavirtual.ufro.cl\/wp-content\/uploads\/2020\/04\/6n3qJHyWAWT_80_DX1192_DY1192_CX894_CY193-768x165.png 768w, https:\/\/docenciavirtual.ufro.cl\/wp-content\/uploads\/2020\/04\/6n3qJHyWAWT_80_DX1192_DY1192_CX894_CY193-24x5.png 24w, https:\/\/docenciavirtual.ufro.cl\/wp-content\/uploads\/2020\/04\/6n3qJHyWAWT_80_DX1192_DY1192_CX894_CY193-36x8.png 36w, https:\/\/docenciavirtual.ufro.cl\/wp-content\/uploads\/2020\/04\/6n3qJHyWAWT_80_DX1192_DY1192_CX894_CY193-48x10.png 48w, https:\/\/docenciavirtual.ufro.cl\/wp-content\/uploads\/2020\/04\/6n3qJHyWAWT_80_DX1192_DY1192_CX894_CY193.png 894w\" sizes=\"(max-width: 188px) 100vw, 188px\" \/><\/a><\/p>\n<\/div>","pwapp_post_content_type":"postprocessed2","pwapp_preview_type":"excerpt","androapp_failover_post_content_type":"","share_text":"Mi Primer Curso\nvia https:\/\/docenciavirtual.ufro.cl\/index.php\/mi-primer-curso-en-docencia-virtual\/","androapp_comments_count":0,"supercache":"androappsupercache","_links":{"self":[{"href":"https:\/\/docenciavirtual.ufro.cl\/index.php\/wp-json\/wp\/v2\/pages\/1236"}],"collection":[{"href":"https:\/\/docenciavirtual.ufro.cl\/index.php\/wp-json\/wp\/v2\/pages"}],"about":[{"href":"https:\/\/docenciavirtual.ufro.cl\/index.php\/wp-json\/wp\/v2\/types\/page"}],"author":[{"embeddable":true,"href":"https:\/\/docenciavirtual.ufro.cl\/index.php\/wp-json\/wp\/v2\/users\/2"}],"replies":[{"embeddable":true,"href":"https:\/\/docenciavirtual.ufro.cl\/index.php\/wp-json\/wp\/v2\/comments?post=1236"}],"version-history":[{"count":11,"href":"https:\/\/docenciavirtual.ufro.cl\/index.php\/wp-json\/wp\/v2\/pages\/1236\/revisions"}],"predecessor-version":[{"id":2079,"href":"https:\/\/docenciavirtual.ufro.cl\/index.php\/wp-json\/wp\/v2\/pages\/1236\/revisions\/2079"}],"wp:attachment":[{"href":"https:\/\/docenciavirtual.ufro.cl\/index.php\/wp-json\/wp\/v2\/media?parent=1236"}],"curies":[{"name":"wp","href":"https:\/\/api.w.org\/{rel}","templated":true}]}}

<p>Esta cápsula pretende entregar ciertas orientaciones y lineamientos que permitan virtualizar las clases presenciales de las diversas carreras de la Universidad de La Frontera.  Este nuevo escenario  complejo que vivimos, nos invita como Universidad a generar nuevas estrategias y metodologías de educación a distancia manteniendo altos estándares de compromiso y calidad con nuestros estudiantes.</p>
<p>&nbsp;</p>
<p><a href="https://virtualizate.cl/capsuladocenciavirtual/" target="_blank" rel="noopener noreferrer"><img decoding="async" loading="lazy" class="wp-image-1228 aligncenter" src="http://docenciavirtual.ufro.cl/wp-content/uploads/2020/04/thumbnail.jpg" alt="Imagen logo ufro" width="400" height="218" srcset="https://docenciavirtual.ufro.cl/wp-content/uploads/2020/04/thumbnail.jpg 940w, https://docenciavirtual.ufro.cl/wp-content/uploads/2020/04/thumbnail-300x163.jpg 300w, https://docenciavirtual.ufro.cl/wp-content/uploads/2020/04/thumbnail-768x418.jpg 768w, https://docenciavirtual.ufro.cl/wp-content/uploads/2020/04/thumbnail-24x13.jpg 24w, https://docenciavirtual.ufro.cl/wp-content/uploads/2020/04/thumbnail-36x20.jpg 36w, https://docenciavirtual.ufro.cl/wp-content/uploads/2020/04/thumbnail-48x26.jpg 48w" sizes="(max-width: 400px) 100vw, 400px" /></a></p>
<p><a href="https://virtualizate.cl/capsuladocenciavirtual/" target="_blank" rel="noopener noreferrer"><img decoding="async" loading="lazy" class="wp-image-1214 aligncenter" src="http://docenciavirtual.ufro.cl/wp-content/uploads/2020/04/6n3qJHyWAWT_80_DX1192_DY1192_CX894_CY193-300x64.png" alt="" width="188" height="40" srcset="https://docenciavirtual.ufro.cl/wp-content/uploads/2020/04/6n3qJHyWAWT_80_DX1192_DY1192_CX894_CY193-300x64.png 300w, https://docenciavirtual.ufro.cl/wp-content/uploads/2020/04/6n3qJHyWAWT_80_DX1192_DY1192_CX894_CY193-768x165.png 768w, https://docenciavirtual.ufro.cl/wp-content/uploads/2020/04/6n3qJHyWAWT_80_DX1192_DY1192_CX894_CY193-24x5.png 24w, https://docenciavirtual.ufro.cl/wp-content/uploads/2020/04/6n3qJHyWAWT_80_DX1192_DY1192_CX894_CY193-36x8.png 36w, https://docenciavirtual.ufro.cl/wp-content/uploads/2020/04/6n3qJHyWAWT_80_DX1192_DY1192_CX894_CY193-48x10.png 48w, https://docenciavirtual.ufro.cl/wp-content/uploads/2020/04/6n3qJHyWAWT_80_DX1192_DY1192_CX894_CY193.png 894w" sizes="(max-width: 188px) 100vw, 188px" /></a></p>

<p>Esta cápsula pretende entregar ciertas orientaciones y lineamientos que permitan virtualizar las clases presenciales de las diversas carreras de la Universidad de La Frontera.  Este nuevo escenario  complejo que vivimos, nos invita como Universidad a generar nuevas estrategias y metodologías de educación a distancia manteniendo altos estándares de compromiso y calidad con nuestros estudiantes. &nbsp;</p>

<style type="text/css">androapp img{
    max-width: 100%;
    height: auto;
}
iframe{
    max-width: 100%;    
}
figure {
    max-width: 100%;
    height: auto;
}
img{
    max-width: 100% !important;
    height: auto;
}
div {
    max-width: 100% !important;
}
span {
    max-width:100%;
    overflow: auto;
}
audio {
    display:block;
    visibility:visible !important;
}
video{
    width:100%;
    height:auto;
}
</style><div class='androapp'><p>Esta cápsula pretende entregar ciertas orientaciones y lineamientos que permitan virtualizar las clases presenciales de las diversas carreras de la Universidad de La Frontera.  Este nuevo escenario  complejo que vivimos, nos invita como Universidad a generar nuevas estrategias y metodologías de educación a distancia manteniendo altos estándares de compromiso y calidad con nuestros estudiantes.</p>
<p>&nbsp;</p>
<p><a href="https://virtualizate.cl/capsuladocenciavirtual/" target="_blank" rel="noopener noreferrer"><img decoding="async" loading="lazy" class="wp-image-1228 aligncenter" src="http://docenciavirtual.ufro.cl/wp-content/uploads/2020/04/thumbnail.jpg" alt="Imagen logo ufro" width="400" height="218" srcset="https://docenciavirtual.ufro.cl/wp-content/uploads/2020/04/thumbnail.jpg 940w, https://docenciavirtual.ufro.cl/wp-content/uploads/2020/04/thumbnail-300x163.jpg 300w, https://docenciavirtual.ufro.cl/wp-content/uploads/2020/04/thumbnail-768x418.jpg 768w, https://docenciavirtual.ufro.cl/wp-content/uploads/2020/04/thumbnail-24x13.jpg 24w, https://docenciavirtual.ufro.cl/wp-content/uploads/2020/04/thumbnail-36x20.jpg 36w, https://docenciavirtual.ufro.cl/wp-content/uploads/2020/04/thumbnail-48x26.jpg 48w" sizes="(max-width: 400px) 100vw, 400px" /></a></p>
<p><a href="https://virtualizate.cl/capsuladocenciavirtual/" target="_blank" rel="noopener noreferrer"><img decoding="async" loading="lazy" class="wp-image-1214 aligncenter" src="http://docenciavirtual.ufro.cl/wp-content/uploads/2020/04/6n3qJHyWAWT_80_DX1192_DY1192_CX894_CY193-300x64.png" alt="" width="188" height="40" srcset="https://docenciavirtual.ufro.cl/wp-content/uploads/2020/04/6n3qJHyWAWT_80_DX1192_DY1192_CX894_CY193-300x64.png 300w, https://docenciavirtual.ufro.cl/wp-content/uploads/2020/04/6n3qJHyWAWT_80_DX1192_DY1192_CX894_CY193-768x165.png 768w, https://docenciavirtual.ufro.cl/wp-content/uploads/2020/04/6n3qJHyWAWT_80_DX1192_DY1192_CX894_CY193-24x5.png 24w, https://docenciavirtual.ufro.cl/wp-content/uploads/2020/04/6n3qJHyWAWT_80_DX1192_DY1192_CX894_CY193-36x8.png 36w, https://docenciavirtual.ufro.cl/wp-content/uploads/2020/04/6n3qJHyWAWT_80_DX1192_DY1192_CX894_CY193-48x10.png 48w, https://docenciavirtual.ufro.cl/wp-content/uploads/2020/04/6n3qJHyWAWT_80_DX1192_DY1192_CX894_CY193.png 894w" sizes="(max-width: 188px) 100vw, 188px" /></a></p>
</div>
