{"id":10,"date":"2020-03-16T00:27:22","date_gmt":"2020-03-16T03:27:22","guid":{"rendered":"http:\/\/docenciavirtual.ufro.cl\/?page_id=10"},"modified":"2021-04-28T10:53:03","modified_gmt":"2021-04-28T13:53:03","slug":"herramientas","status":"publish","type":"page","link":"https:\/\/docenciavirtual.ufro.cl\/index.php\/herramientas\/","title":{"rendered":"Herramientas"},"content":{"rendered":"\t\t<div data-elementor-type=\"wp-page\" data-elementor-id=\"10\" class=\"elementor elementor-10\">\n\t\t\t\t\t\t\t\t\t<section class=\"elementor-section elementor-top-section elementor-element elementor-element-7b006e64 elementor-section-boxed elementor-section-height-default elementor-section-height-default\" data-id=\"7b006e64\" data-element_type=\"section\">\n\t\t\t\t\t\t<div class=\"elementor-container elementor-column-gap-default\">\n\t\t\t\t\t<div class=\"elementor-column elementor-col-100 elementor-top-column elementor-element elementor-element-465b1824\" data-id=\"465b1824\" data-element_type=\"column\">\n\t\t\t<div class=\"elementor-widget-wrap elementor-element-populated\">\n\t\t\t\t\t\t\t\t<div class=\"elementor-element elementor-element-11b9b04f elementor-widget elementor-widget-text-editor\" data-id=\"11b9b04f\" data-element_type=\"widget\" data-widget_type=\"text-editor.default\">\n\t\t\t\t<div class=\"elementor-widget-container\">\n\t\t\t\t\t\t\t<!-- wp:paragraph -->\n<div id=\"metaslider-id-316\" style=\"width: 100%;\" class=\"ml-slider-3-37-0 metaslider metaslider-flex metaslider-316 ml-slider ms-theme-default nav-hidden\" role=\"region\" aria-roledescription=\"Slideshow\" aria-label=\"Slideshow\">\n    <div id=\"metaslider_container_316\">\n        <div id=\"metaslider_316\" class=\"flexslider\">\n            <ul aria-live=\"polite\" class=\"slides\">\n                <li style=\"display: block; width: 100%;\" class=\"slide-1271 ms-image\" aria-roledescription=\"slide\" aria-label=\"slide-1271\"><a href=\"#\" target=\"_self\"><img decoding=\"async\" loading=\"lazy\" src=\"https:\/\/docenciavirtual.ufro.cl\/wp-content\/uploads\/2020\/04\/Portada-Docentes-1000x350.jpg\" height=\"350\" width=\"1000\" alt=\"\" class=\"slider-316 slide-1271\" title=\"Portada Docentes\" \/><\/a><\/li>\n                <li style=\"display: none; width: 100%;\" class=\"slide-2410 ms-image\" aria-roledescription=\"slide\" aria-label=\"slide-2410\"><a href=\"https:\/\/www.youtube.com\/watch?v=avnzuGn-WNY&amp;feature=youtu.be\" target=\"_blank\"><img decoding=\"async\" loading=\"lazy\" src=\"https:\/\/docenciavirtual.ufro.cl\/wp-content\/uploads\/2020\/06\/recursos-digitalesdibri-ufro-1000x350.jpg\" height=\"350\" width=\"1000\" alt=\"\" class=\"slider-316 slide-2410\" title=\"recursos-digitalesdibri-ufro\" \/><\/a><div class=\"caption-wrap\"><div class=\"caption\">Clic en la imagen para ver en Youtube<\/div><\/div><\/li>\n                <li style=\"display: none; width: 100%;\" class=\"slide-2341 ms-image\" aria-roledescription=\"slide\" aria-label=\"slide-2341\"><a href=\"http:\/\/desarrollodocente.ufro.cl\/pdf\/convivencia_dv.jpg  \" target=\"_blank\"><img decoding=\"async\" loading=\"lazy\" src=\"https:\/\/docenciavirtual.ufro.cl\/wp-content\/uploads\/2020\/06\/convivenciaVirtual.jpg\" height=\"350\" width=\"1000\" alt=\"\" class=\"slider-316 slide-2341\" title=\"convivenciaVirtual\" \/><\/a><div class=\"caption-wrap\"><div class=\"caption\">Clic en la imagen para descargar<\/div><\/div><\/li>\n                <li style=\"display: none; width: 100%;\" class=\"slide-2304 ms-image\" aria-roledescription=\"slide\" aria-label=\"slide-2304\"><a href=\"http:\/\/desarrollodocente.ufro.cl\/pdf\/retroalimentrar_dv.pdf  \" target=\"_blank\"><img decoding=\"async\" loading=\"lazy\" src=\"https:\/\/docenciavirtual.ufro.cl\/wp-content\/uploads\/2020\/05\/BannerDocenciaVirtual.png\" height=\"350\" width=\"1000\" alt=\"\" class=\"slider-316 slide-2304\" title=\"BannerDocenciaVirtual\" \/><\/a><\/li>\n                <li style=\"display: none; width: 100%;\" class=\"slide-319 ms-image\" aria-roledescription=\"slide\" aria-label=\"slide-319\"><a href=\"http:\/\/docenciavirtual.ufro.cl\/index.php\/mi-primer-curso-en-docencia-virtual\/\" target=\"_self\"><img decoding=\"async\" loading=\"lazy\" src=\"https:\/\/docenciavirtual.ufro.cl\/wp-content\/uploads\/2020\/04\/Novedad-1000x350.jpg\" height=\"350\" width=\"1000\" alt=\"\" class=\"slider-316 slide-319\" title=\"Novedad\" \/><\/a><div class=\"caption-wrap\"><div class=\"caption\">Clic en la imagen para ingresar<\/div><\/div><\/li>\n                <li style=\"display: none; width: 100%;\" class=\"slide-320 ms-image\" aria-roledescription=\"slide\" aria-label=\"slide-320\"><a href=\"https:\/\/campusvirtual.ufro.cl\/course\/view.php?id=6991\" target=\"_blank\"><img decoding=\"async\" loading=\"lazy\" src=\"https:\/\/docenciavirtual.ufro.cl\/wp-content\/uploads\/2020\/04\/Inducci\u00f3n-1000x350.jpg\" height=\"350\" width=\"1000\" alt=\"\" class=\"slider-316 slide-320\" title=\"Inducci\u00f3n\" \/><\/a><div class=\"caption-wrap\"><div class=\"caption\">Clic en la imagen para ir a curso en Campus Virtual<\/div><\/div><\/li>\n                <li style=\"display: none; width: 100%;\" class=\"slide-1346 ms-image\" aria-roledescription=\"slide\" aria-label=\"slide-1346\"><a href=\"http:\/\/docenciavirtual.ufro.cl\/wp-content\/uploads\/2020\/04\/formato_organizador_asignaturas_dv.docx\" target=\"_blank\"><img decoding=\"async\" loading=\"lazy\" src=\"https:\/\/docenciavirtual.ufro.cl\/wp-content\/uploads\/2020\/04\/Organizador-de-asignaturas-1000x350.jpg\" height=\"350\" width=\"1000\" alt=\"\" class=\"slider-316 slide-1346\" title=\"Organizador de asignaturas\" \/><\/a><div class=\"caption-wrap\"><div class=\"caption\">Clic en la imagen para descargar .docx<\/div><\/div><\/li>\n                <li style=\"display: none; width: 100%;\" class=\"slide-1656 ms-image\" aria-roledescription=\"slide\" aria-label=\"slide-1656\"><a href=\"http:\/\/docenciavirtual.ufro.cl\/wp-content\/uploads\/2020\/05\/ORIENTACIONESPARALADOCENCIAVIRTUAL20.pdf\" target=\"_blank\"><img decoding=\"async\" loading=\"lazy\" src=\"https:\/\/docenciavirtual.ufro.cl\/wp-content\/uploads\/2020\/05\/banner-orientaciones-1000x350.png\" height=\"350\" width=\"1000\" alt=\"\" class=\"slider-316 slide-1656\" title=\"banner-orientaciones\" \/><\/a><div class=\"caption-wrap\"><div class=\"caption\">Clic en la imagen para descargar .pdf<\/div><\/div><\/li>\n            <\/ul>\n        <\/div>\n        \n    <\/div>\n<\/div>\n<p><b>HERRAMIENTAS\u00a0 TIC PARA LA DOCENCIA EN FORMATO REMOTO EN LA UNIVERSIDAD DE LA FRONTERA<\/b><\/p>\n<p>La UFRO dispone de los siguientes recursos de apoyo a la docencia con los cuales trasladar la docencia presencial a actividades virtuales:\u00a0<\/p>\n<ul>\n<li><b>Plataforma para el Aprendizaje \u201cCampus Virtual\u201d<\/b><br \/>Es la plataforma Moodle de la Universidad de La Frontera de apoyo al desarrollo de la docencia. En ella se pueden alojar los materiales de las asignaturas (documentos, v\u00eddeos, enlaces, etc.) as\u00ed como las tareas a realizar por los estudiantes. Permite, tambi\u00e9n, la interacci\u00f3n entre los docentes y estudiantes.\n<ul>\n<li>Acceso a trav\u00e9s de internet. <a href=\"http:\/\/campusvirtual.ufro.cl\" target=\"_blank\" rel=\"noopener noreferrer\">campusvirtual.ufro.cl<\/a><\/li>\n<li>Acceso a trav\u00e9s de <a href=\"https:\/\/play.google.com\/store\/apps\/details?id=com.moodle.moodlemobile&amp;hl=es_CL\" target=\"_blank\" rel=\"noopener noreferrer\">app Campus Virtual.<\/a><\/li>\n<\/ul>\n<\/li>\n<\/ul>\n<ul>\n<li><b>Sistema para la realizaci\u00f3n de videoconferencias<\/b><br \/>A trav\u00e9s de <a href=\"https:\/\/hangouts.google.com\/\" target=\"_blank\" rel=\"noopener noreferrer\">Hangouts\/Meet<\/a> es posible realizar videoconferencias grupales limitadas (exposiciones por parte del docente, tutor\u00edas grupales, debates online, etc.), tutor\u00edas individuales, reuniones informales, etc. Incluye posibilidades como compartir pantalla y grabar las sesiones de conversaci\u00f3n.<br \/><br \/><\/li>\n<li><b>Herramienta para comunicarse y trabajar de forma colaborativa<\/b><br \/>Con la cuenta <strong>@ufrontera.cl\u00a0<\/strong> (si eres docente) o <strong>@ufromail.cl<\/strong> (si eres estudiante) puedes acceder a todos los <strong>servicios de Google: Correo, Calendario, Hangouts, Meet y Drive<\/strong>. En particular, <a href=\"http:\/\/drive.google.com\/\" target=\"_blank\" rel=\"noopener noreferrer\">Google Drive<\/a> permite que varias personas editen de forma simult\u00e1nea documentos, hojas de c\u00e1lculo, presentaciones, etc.<br \/><br \/><\/li>\n<li><b>Acceso Biblioteca y Recursos de Informaci\u00f3n (DIBRI)<\/b><\/li>\n<\/ul>\n<p>Disponible colecci\u00f3n de archivos digitales con acceso \u00fanico a trav\u00e9s de internet y bases de datos suscritas.<\/p>\n<p><a href=\"http:\/\/bibliotecadigital.ufro.cl\/\" target=\"_blank\" rel=\"noopener noreferrer\"><b>http:\/\/bibliotecadigital.ufro.cl\/<\/b><\/a><\/p>\n<!-- \/wp:paragraph -->\t\t\t\t\t\t<\/div>\n\t\t\t\t<\/div>\n\t\t\t\t\t<\/div>\n\t\t<\/div>\n\t\t\t\t\t\t\t<\/div>\n\t\t<\/section>\n\t\t\t\t\t\t\t<\/div>\n\t\t","protected":false},"excerpt":{"rendered":"<p>HERRAMIENTAS\u00a0 TIC PARA LA DOCENCIA EN FORMATO REMOTO EN LA UNIVERSIDAD DE LA FRONTERA La UFRO dispone de los siguientes recursos de apoyo a la docencia con los cuales trasladar la docencia presencial a actividades virtuales:\u00a0 Plataforma para el Aprendizaje \u201cCampus Virtual\u201dEs la plataforma Moodle de la Universidad de La Frontera de apoyo al desarrollo&hellip;<\/p>\n","protected":false},"author":1,"featured_media":0,"parent":0,"menu_order":0,"comment_status":"open","ping_status":"closed","template":"","meta":{"footnotes":""},"pwapp_after_post_content":"","pwapp_before_post_content":"","androapp_header":"","pwapp_author":{"ID":1,"name":"wad-docvi","slug":"wad-docvi"},"pwapp_terms":[],"pwapp_feed_image_dimension_type":"preview","pwapp_post_image":null,"share_image":null,"featured_image_showhide":"show","pwapp_excerpt":"<p>HERRAMIENTAS\u00a0 TIC PARA LA DOCENCIA EN FORMATO REMOTO EN LA UNIVERSIDAD DE LA FRONTERA La UFRO dispone de los siguientes recursos de apoyo a la docencia con los cuales trasladar la docencia presencial a actividades virtuales:\u00a0 Plataforma para el Aprendizaje \u201cCampus Virtual\u201dEs la plataforma Moodle de la Universidad de La Frontera de apoyo al desarrollo&hellip;<\/p>\n","pwapp_title":"Herramientas","androapp_image_list":[{"src":"https:\/\/docenciavirtual.ufro.cl\/wp-content\/uploads\/2020\/04\/Portada-Docentes-1000x350.jpg","height":200},{"src":"https:\/\/docenciavirtual.ufro.cl\/wp-content\/uploads\/2020\/06\/recursos-digitalesdibri-ufro-1000x350.jpg","height":200},{"src":"https:\/\/docenciavirtual.ufro.cl\/wp-content\/uploads\/2020\/06\/convivenciaVirtual.jpg","height":200},{"src":"https:\/\/docenciavirtual.ufro.cl\/wp-content\/uploads\/2020\/05\/BannerDocenciaVirtual.png","height":200},{"src":"https:\/\/docenciavirtual.ufro.cl\/wp-content\/uploads\/2020\/04\/Novedad-1000x350.jpg","height":200},{"src":"https:\/\/docenciavirtual.ufro.cl\/wp-content\/uploads\/2020\/04\/Inducci\u00f3n-1000x350.jpg","height":200},{"src":"https:\/\/docenciavirtual.ufro.cl\/wp-content\/uploads\/2020\/04\/Organizador-de-asignaturas-1000x350.jpg","height":200},{"src":"https:\/\/docenciavirtual.ufro.cl\/wp-content\/uploads\/2020\/05\/banner-orientaciones-1000x350.png","height":200}],"pwapp_post_content":"<style type=\"text\/css\">androapp img{\r\n    max-width: 100%;\r\n    height: auto;\r\n}\r\niframe{\r\n    max-width: 100%;    \r\n}\r\nfigure {\r\n    max-width: 100%;\r\n    height: auto;\r\n}\r\nimg{\r\n    max-width: 100% !important;\r\n    height: auto;\r\n}\r\ndiv {\r\n    max-width: 100% !important;\r\n}\r\nspan {\r\n    max-width:100%;\r\n    overflow: auto;\r\n}\r\naudio {\r\n    display:block;\r\n    visibility:visible !important;\r\n}\r\nvideo{\r\n    width:100%;\r\n    height:auto;\r\n}\r\n<\/style><div class='androapp'>\t\t<div data-elementor-type=\"wp-page\" data-elementor-id=\"10\" class=\"elementor elementor-10\">\n\t\t\t\t\t\t\t\t\t<section class=\"elementor-section elementor-top-section elementor-element elementor-element-7b006e64 elementor-section-boxed elementor-section-height-default elementor-section-height-default\" data-id=\"7b006e64\" data-element_type=\"section\">\n\t\t\t\t\t\t<div class=\"elementor-container elementor-column-gap-default\">\n\t\t\t\t\t<div class=\"elementor-column elementor-col-100 elementor-top-column elementor-element elementor-element-465b1824\" data-id=\"465b1824\" data-element_type=\"column\">\n\t\t\t<div class=\"elementor-widget-wrap elementor-element-populated\">\n\t\t\t\t\t\t\t\t<div class=\"elementor-element elementor-element-11b9b04f elementor-widget elementor-widget-text-editor\" data-id=\"11b9b04f\" data-element_type=\"widget\" data-widget_type=\"text-editor.default\">\n\t\t\t\t<div class=\"elementor-widget-container\">\n\t\t\t\t\t\t\t<!-- wp:paragraph -->\n<div id=\"metaslider-id-316\" style=\"width: 100%;\" class=\"ml-slider-3-37-0 metaslider metaslider-flex metaslider-316 ml-slider ms-theme-default nav-hidden\" role=\"region\" aria-roledescription=\"Slideshow\" aria-label=\"Slideshow\">\n    <div id=\"metaslider_container_316\">\n        <div id=\"metaslider_316\" class=\"flexslider\">\n            <ul aria-live=\"polite\" class=\"slides\">\n                <li style=\"display: block; width: 100%;\" class=\"slide-1271 ms-image\" aria-roledescription=\"slide\" aria-label=\"slide-1271\"><a href=\"#\" target=\"_self\"><img decoding=\"async\" loading=\"lazy\" src=\"https:\/\/docenciavirtual.ufro.cl\/wp-content\/uploads\/2020\/04\/Portada-Docentes-1000x350.jpg\" height=\"350\" width=\"1000\" alt=\"\" class=\"slider-316 slide-1271\" title=\"Portada Docentes\" \/><\/a><\/li>\n                <li style=\"display: none; width: 100%;\" class=\"slide-2410 ms-image\" aria-roledescription=\"slide\" aria-label=\"slide-2410\"><a href=\"https:\/\/www.youtube.com\/watch?v=avnzuGn-WNY&amp;feature=youtu.be\" target=\"_blank\"><img decoding=\"async\" loading=\"lazy\" src=\"https:\/\/docenciavirtual.ufro.cl\/wp-content\/uploads\/2020\/06\/recursos-digitalesdibri-ufro-1000x350.jpg\" height=\"350\" width=\"1000\" alt=\"\" class=\"slider-316 slide-2410\" title=\"recursos-digitalesdibri-ufro\" \/><\/a><div class=\"caption-wrap\"><div class=\"caption\">Clic en la imagen para ver en Youtube<\/div><\/div><\/li>\n                <li style=\"display: none; width: 100%;\" class=\"slide-2341 ms-image\" aria-roledescription=\"slide\" aria-label=\"slide-2341\"><a href=\"http:\/\/desarrollodocente.ufro.cl\/pdf\/convivencia_dv.jpg  \" target=\"_blank\"><img decoding=\"async\" loading=\"lazy\" src=\"https:\/\/docenciavirtual.ufro.cl\/wp-content\/uploads\/2020\/06\/convivenciaVirtual.jpg\" height=\"350\" width=\"1000\" alt=\"\" class=\"slider-316 slide-2341\" title=\"convivenciaVirtual\" \/><\/a><div class=\"caption-wrap\"><div class=\"caption\">Clic en la imagen para descargar<\/div><\/div><\/li>\n                <li style=\"display: none; width: 100%;\" class=\"slide-2304 ms-image\" aria-roledescription=\"slide\" aria-label=\"slide-2304\"><a href=\"http:\/\/desarrollodocente.ufro.cl\/pdf\/retroalimentrar_dv.pdf  \" target=\"_blank\"><img decoding=\"async\" loading=\"lazy\" src=\"https:\/\/docenciavirtual.ufro.cl\/wp-content\/uploads\/2020\/05\/BannerDocenciaVirtual.png\" height=\"350\" width=\"1000\" alt=\"\" class=\"slider-316 slide-2304\" title=\"BannerDocenciaVirtual\" \/><\/a><\/li>\n                <li style=\"display: none; width: 100%;\" class=\"slide-319 ms-image\" aria-roledescription=\"slide\" aria-label=\"slide-319\"><a href=\"http:\/\/docenciavirtual.ufro.cl\/index.php\/mi-primer-curso-en-docencia-virtual\/\" target=\"_self\"><img decoding=\"async\" loading=\"lazy\" src=\"https:\/\/docenciavirtual.ufro.cl\/wp-content\/uploads\/2020\/04\/Novedad-1000x350.jpg\" height=\"350\" width=\"1000\" alt=\"\" class=\"slider-316 slide-319\" title=\"Novedad\" \/><\/a><div class=\"caption-wrap\"><div class=\"caption\">Clic en la imagen para ingresar<\/div><\/div><\/li>\n                <li style=\"display: none; width: 100%;\" class=\"slide-320 ms-image\" aria-roledescription=\"slide\" aria-label=\"slide-320\"><a href=\"https:\/\/campusvirtual.ufro.cl\/course\/view.php?id=6991\" target=\"_blank\"><img decoding=\"async\" loading=\"lazy\" src=\"https:\/\/docenciavirtual.ufro.cl\/wp-content\/uploads\/2020\/04\/Inducci\u00f3n-1000x350.jpg\" height=\"350\" width=\"1000\" alt=\"\" class=\"slider-316 slide-320\" title=\"Inducci\u00f3n\" \/><\/a><div class=\"caption-wrap\"><div class=\"caption\">Clic en la imagen para ir a curso en Campus Virtual<\/div><\/div><\/li>\n                <li style=\"display: none; width: 100%;\" class=\"slide-1346 ms-image\" aria-roledescription=\"slide\" aria-label=\"slide-1346\"><a href=\"http:\/\/docenciavirtual.ufro.cl\/wp-content\/uploads\/2020\/04\/formato_organizador_asignaturas_dv.docx\" target=\"_blank\"><img decoding=\"async\" loading=\"lazy\" src=\"https:\/\/docenciavirtual.ufro.cl\/wp-content\/uploads\/2020\/04\/Organizador-de-asignaturas-1000x350.jpg\" height=\"350\" width=\"1000\" alt=\"\" class=\"slider-316 slide-1346\" title=\"Organizador de asignaturas\" \/><\/a><div class=\"caption-wrap\"><div class=\"caption\">Clic en la imagen para descargar .docx<\/div><\/div><\/li>\n                <li style=\"display: none; width: 100%;\" class=\"slide-1656 ms-image\" aria-roledescription=\"slide\" aria-label=\"slide-1656\"><a href=\"http:\/\/docenciavirtual.ufro.cl\/wp-content\/uploads\/2020\/05\/ORIENTACIONESPARALADOCENCIAVIRTUAL20.pdf\" target=\"_blank\"><img decoding=\"async\" loading=\"lazy\" src=\"https:\/\/docenciavirtual.ufro.cl\/wp-content\/uploads\/2020\/05\/banner-orientaciones-1000x350.png\" height=\"350\" width=\"1000\" alt=\"\" class=\"slider-316 slide-1656\" title=\"banner-orientaciones\" \/><\/a><div class=\"caption-wrap\"><div class=\"caption\">Clic en la imagen para descargar .pdf<\/div><\/div><\/li>\n            <\/ul>\n        <\/div>\n        \n    <\/div>\n<\/div>\n<p><b>HERRAMIENTAS\u00a0 TIC PARA LA DOCENCIA EN FORMATO REMOTO EN LA UNIVERSIDAD DE LA FRONTERA<\/b><\/p>\n<p>La UFRO dispone de los siguientes recursos de apoyo a la docencia con los cuales trasladar la docencia presencial a actividades virtuales:\u00a0<\/p>\n<ul>\n<li><b>Plataforma para el Aprendizaje \u201cCampus Virtual\u201d<\/b><br \/>Es la plataforma Moodle de la Universidad de La Frontera de apoyo al desarrollo de la docencia. En ella se pueden alojar los materiales de las asignaturas (documentos, v\u00eddeos, enlaces, etc.) as\u00ed como las tareas a realizar por los estudiantes. Permite, tambi\u00e9n, la interacci\u00f3n entre los docentes y estudiantes.\n<ul>\n<li>Acceso a trav\u00e9s de internet. <a href=\"http:\/\/campusvirtual.ufro.cl\" target=\"_blank\" rel=\"noopener noreferrer\">campusvirtual.ufro.cl<\/a><\/li>\n<li>Acceso a trav\u00e9s de <a href=\"https:\/\/play.google.com\/store\/apps\/details?id=com.moodle.moodlemobile&amp;hl=es_CL\" target=\"_blank\" rel=\"noopener noreferrer\">app Campus Virtual.<\/a><\/li>\n<\/ul>\n<\/li>\n<\/ul>\n<ul>\n<li><b>Sistema para la realizaci\u00f3n de videoconferencias<\/b><br \/>A trav\u00e9s de <a href=\"https:\/\/hangouts.google.com\/\" target=\"_blank\" rel=\"noopener noreferrer\">Hangouts\/Meet<\/a> es posible realizar videoconferencias grupales limitadas (exposiciones por parte del docente, tutor\u00edas grupales, debates online, etc.), tutor\u00edas individuales, reuniones informales, etc. Incluye posibilidades como compartir pantalla y grabar las sesiones de conversaci\u00f3n.<br \/><br \/><\/li>\n<li><b>Herramienta para comunicarse y trabajar de forma colaborativa<\/b><br \/>Con la cuenta <strong>@ufrontera.cl\u00a0<\/strong> (si eres docente) o <strong>@ufromail.cl<\/strong> (si eres estudiante) puedes acceder a todos los <strong>servicios de Google: Correo, Calendario, Hangouts, Meet y Drive<\/strong>. En particular, <a href=\"http:\/\/drive.google.com\/\" target=\"_blank\" rel=\"noopener noreferrer\">Google Drive<\/a> permite que varias personas editen de forma simult\u00e1nea documentos, hojas de c\u00e1lculo, presentaciones, etc.<br \/><br \/><\/li>\n<li><b>Acceso Biblioteca y Recursos de Informaci\u00f3n (DIBRI)<\/b><\/li>\n<\/ul>\n<p>Disponible colecci\u00f3n de archivos digitales con acceso \u00fanico a trav\u00e9s de internet y bases de datos suscritas.<\/p>\n<p><a href=\"http:\/\/bibliotecadigital.ufro.cl\/\" target=\"_blank\" rel=\"noopener noreferrer\"><b>http:\/\/bibliotecadigital.ufro.cl\/<\/b><\/a><\/p>\n<!-- \/wp:paragraph -->\t\t\t\t\t\t<\/div>\n\t\t\t\t<\/div>\n\t\t\t\t\t<\/div>\n\t\t<\/div>\n\t\t\t\t\t\t\t<\/div>\n\t\t<\/section>\n\t\t\t\t\t\t\t<\/div>\n\t\t<\/div>","pwapp_post_content_type":"postprocessed2","pwapp_preview_type":"excerpt","androapp_failover_post_content_type":"","share_text":"HERRAMIENTAS\u00a0 TIC PARA LA DOCENCIA EN FORMATO REMOTO EN LA UNIVERSIDAD DE LA FRONTERA La UFRO dispone de los siguientes recursos de apoyo a la docencia con los cuales trasladar la docencia presencial a actividades virtuales:\u00a0 Plataforma para el Aprendizaje \u201cCampus Virtual\u201dEs la plataforma Moodle de la Universidad de La Frontera de apoyo al desarrollo&hellip;\n\nvia https:\/\/docenciavirtual.ufro.cl\/index.php\/herramientas\/","androapp_comments_count":0,"supercache":"androappsupercache","_links":{"self":[{"href":"https:\/\/docenciavirtual.ufro.cl\/index.php\/wp-json\/wp\/v2\/pages\/10"}],"collection":[{"href":"https:\/\/docenciavirtual.ufro.cl\/index.php\/wp-json\/wp\/v2\/pages"}],"about":[{"href":"https:\/\/docenciavirtual.ufro.cl\/index.php\/wp-json\/wp\/v2\/types\/page"}],"author":[{"embeddable":true,"href":"https:\/\/docenciavirtual.ufro.cl\/index.php\/wp-json\/wp\/v2\/users\/1"}],"replies":[{"embeddable":true,"href":"https:\/\/docenciavirtual.ufro.cl\/index.php\/wp-json\/wp\/v2\/comments?post=10"}],"version-history":[{"count":12,"href":"https:\/\/docenciavirtual.ufro.cl\/index.php\/wp-json\/wp\/v2\/pages\/10\/revisions"}],"predecessor-version":[{"id":6300,"href":"https:\/\/docenciavirtual.ufro.cl\/index.php\/wp-json\/wp\/v2\/pages\/10\/revisions\/6300"}],"wp:attachment":[{"href":"https:\/\/docenciavirtual.ufro.cl\/index.php\/wp-json\/wp\/v2\/media?parent=10"}],"curies":[{"name":"wp","href":"https:\/\/api.w.org\/{rel}","templated":true}]}}